{"id":38208,"date":"2020-10-01T15:38:22","date_gmt":"2020-10-01T18:38:22","guid":{"rendered":"https:\/\/alacip.org\/?post_type=todasponencias&#038;p=38208"},"modified":"2020-10-05T08:01:40","modified_gmt":"2020-10-05T11:01:40","slug":"governos-de-esquerda-e-qualidade-da-democracia-avaliando","status":"publish","type":"todasponencias","link":"https:\/\/alacip.org\/?todasponencias=governos-de-esquerda-e-qualidade-da-democracia-avaliando","title":{"rendered":"Governos de Esquerda e Qualidade da Democracia: avaliando a Participa\u00e7\u00e3o no Brasil, Chile e Venezuela"},"content":{"rendered":"\n<p>O prop\u00f3sito deste artigo \u00e9 analisar uma das dimens\u00f5es de qualidade da democracia: a dimens\u00e3o \u201cParticipa\u00e7\u00e3o\u201d, com o objetivo de avaliar se os distintos governos de esquerda \u2013 o governo de Lula no Brasil (2003-2010), de Bachelet no Chile (2006-2010) e de Ch\u00e1vez na Venezuela (1999-2013) \u2013 impactam na maior ou menor penetra\u00e7\u00e3o da participa\u00e7\u00e3o como dimens\u00e3o que fortalece a democracia.<\/p>\n\n\n\n<!--more-->\n\n\n\n<div style=\"text-align:center\" class=\"wp-block-atomic-blocks-ab-button ab-block-button\"><a href=\"https:\/\/alacip.org\/cong15\/pco-fukushima8c.pdf\" class=\"ab-button ab-button-shape-circular ab-button-size-medium\" style=\"color:#ffffff;background-color:#3373dc\">Descargar Archivo<\/a><\/div>\n\n\n\n<p><\/p>\n","protected":false},"featured_media":0,"template":"","meta":{"_genesis_hide_title":false,"_genesis_hide_breadcrumbs":false,"_genesis_hide_singular_image":false,"_genesis_hide_footer_widgets":false,"_genesis_custom_body_class":"","_genesis_custom_post_class":"","_genesis_layout":""},"filtro":[102],"anocongresso":[778],"conginstituicion":[221],"areatema":[391],"class_list":{"0":"post-38208","1":"todasponencias","2":"type-todasponencias","3":"status-publish","5":"filtro-brasil","6":"anocongresso-778","7":"conginstituicion-ufsao-carlos","8":"areatema-politica-comparada","9":"entry"},"_links":{"self":[{"href":"https:\/\/alacip.org\/index.php?rest_route=\/wp\/v2\/todasponencias\/38208","targetHints":{"allow":["GET"]}}],"collection":[{"href":"https:\/\/alacip.org\/index.php?rest_route=\/wp\/v2\/todasponencias"}],"about":[{"href":"https:\/\/alacip.org\/index.php?rest_route=\/wp\/v2\/types\/todasponencias"}],"wp:attachment":[{"href":"https:\/\/alacip.org\/index.php?rest_route=%2Fwp%2Fv2%2Fmedia&parent=38208"}],"wp:term":[{"taxonomy":"filtro","embeddable":true,"href":"https:\/\/alacip.org\/index.php?rest_route=%2Fwp%2Fv2%2Ffiltro&post=38208"},{"taxonomy":"anocongresso","embeddable":true,"href":"https:\/\/alacip.org\/index.php?rest_route=%2Fwp%2Fv2%2Fanocongresso&post=38208"},{"taxonomy":"conginstituicion","embeddable":true,"href":"https:\/\/alacip.org\/index.php?rest_route=%2Fwp%2Fv2%2Fconginstituicion&post=38208"},{"taxonomy":"areatema","embeddable":true,"href":"https:\/\/alacip.org\/index.php?rest_route=%2Fwp%2Fv2%2Fareatema&post=38208"}],"curies":[{"name":"wp","href":"https:\/\/api.w.org\/{rel}","templated":true}]}}

Governos de Esquerda e Qualidade da Democracia: avaliando a Participação no Brasil, Chile e Venezuela

<p>O propósito deste artigo é analisar uma das dimensões de qualidade da democracia: a dimensão “Participação”, com o objetivo de avaliar se os distintos governos de esquerda – o governo de Lula no Brasil (2003-2010), de Bachelet no Chile (2006-2010) e de Chávez na Venezuela (1999-2013) – impactam na maior ou menor penetração da participação como dimensão que fortalece a democracia.</p>



<!--more-->



<div style="text-align:center" class="wp-block-atomic-blocks-ab-button ab-block-button"><a href="https://alacip.org/cong15/pco-fukushima8c.pdf" class="ab-button ab-button-shape-circular ab-button-size-medium" style="color:#ffffff;background-color:#3373dc">Descargar Archivo</a></div>



<p></p>
