{"id":38214,"date":"2020-10-01T15:45:59","date_gmt":"2020-10-01T18:45:59","guid":{"rendered":"https:\/\/alacip.org\/?post_type=todasponencias&#038;p=38214"},"modified":"2020-10-05T08:01:25","modified_gmt":"2020-10-05T11:01:25","slug":"ascensao-e-consolidacao-da-frente-ampla-no-uruguai-um","status":"publish","type":"todasponencias","link":"https:\/\/alacip.org\/?todasponencias=ascensao-e-consolidacao-da-frente-ampla-no-uruguai-um","title":{"rendered":"Ascens\u00e3o e consolida\u00e7\u00e3o da Frente Ampla no Uruguai: um balan\u00e7o do governo de Jos\u00e9 Mujica (2010-2015)"},"content":{"rendered":"\n<p>Ao chegar ao poder em 2010,Jos\u00e9 Mujica, ex-guerrilheiro tupamaro representa para o Uruguai o segundo manda toda Frente Amplio(FA) na presid\u00eancia uruguaia, como sucessor de Tabar\u00e9 V\u00e1zquez.<\/p>\n\n\n\n<!--more-->\n\n\n\n<div style=\"text-align:center\" class=\"wp-block-atomic-blocks-ab-button ab-block-button\"><a href=\"https:\/\/alacip.org\/cong15\/pco-ferrari8c.pdf\" class=\"ab-button ab-button-shape-circular ab-button-size-medium\" style=\"color:#ffffff;background-color:#3373dc\">Descargar Archivo<\/a><\/div>\n\n\n\n<p><\/p>\n","protected":false},"featured_media":0,"template":"","meta":{"_genesis_hide_title":false,"_genesis_hide_breadcrumbs":false,"_genesis_hide_singular_image":false,"_genesis_hide_footer_widgets":false,"_genesis_custom_body_class":"","_genesis_custom_post_class":"","_genesis_layout":""},"filtro":[102],"anocongresso":[778],"conginstituicion":[598],"areatema":[391],"class_list":{"0":"post-38214","1":"todasponencias","2":"type-todasponencias","3":"status-publish","5":"filtro-brasil","6":"anocongresso-778","7":"conginstituicion-universidade-estadual-do-oeste-do-parana-unioeste","8":"areatema-politica-comparada","9":"entry"},"_links":{"self":[{"href":"https:\/\/alacip.org\/index.php?rest_route=\/wp\/v2\/todasponencias\/38214","targetHints":{"allow":["GET"]}}],"collection":[{"href":"https:\/\/alacip.org\/index.php?rest_route=\/wp\/v2\/todasponencias"}],"about":[{"href":"https:\/\/alacip.org\/index.php?rest_route=\/wp\/v2\/types\/todasponencias"}],"wp:attachment":[{"href":"https:\/\/alacip.org\/index.php?rest_route=%2Fwp%2Fv2%2Fmedia&parent=38214"}],"wp:term":[{"taxonomy":"filtro","embeddable":true,"href":"https:\/\/alacip.org\/index.php?rest_route=%2Fwp%2Fv2%2Ffiltro&post=38214"},{"taxonomy":"anocongresso","embeddable":true,"href":"https:\/\/alacip.org\/index.php?rest_route=%2Fwp%2Fv2%2Fanocongresso&post=38214"},{"taxonomy":"conginstituicion","embeddable":true,"href":"https:\/\/alacip.org\/index.php?rest_route=%2Fwp%2Fv2%2Fconginstituicion&post=38214"},{"taxonomy":"areatema","embeddable":true,"href":"https:\/\/alacip.org\/index.php?rest_route=%2Fwp%2Fv2%2Fareatema&post=38214"}],"curies":[{"name":"wp","href":"https:\/\/api.w.org\/{rel}","templated":true}]}}

Ascensão e consolidação da Frente Ampla no Uruguai: um balanço do governo de José Mujica (2010-2015)

<p>Ao chegar ao poder em 2010,José Mujica, ex-guerrilheiro tupamaro representa para o Uruguai o segundo manda toda Frente Amplio(FA) na presidência uruguaia, como sucessor de Tabaré Vázquez.</p>



<!--more-->



<div style="text-align:center" class="wp-block-atomic-blocks-ab-button ab-block-button"><a href="https://alacip.org/cong15/pco-ferrari8c.pdf" class="ab-button ab-button-shape-circular ab-button-size-medium" style="color:#ffffff;background-color:#3373dc">Descargar Archivo</a></div>



<p></p>
