{"id":38243,"date":"2020-10-01T18:32:45","date_gmt":"2020-10-01T21:32:45","guid":{"rendered":"https:\/\/alacip.org\/?post_type=todasponencias&#038;p=38243"},"modified":"2020-10-01T18:32:47","modified_gmt":"2020-10-01T21:32:47","slug":"memoria-moralismo-e-identidad","status":"publish","type":"todasponencias","link":"https:\/\/alacip.org\/?todasponencias=memoria-moralismo-e-identidad","title":{"rendered":"Memoria, moralismo e identidad"},"content":{"rendered":"\n<p>En torno a la memoria se han tejido infinidad de debates acad\u00e9micos y pol\u00edticos por toda Am\u00e9rica Latina en las \u00faltimas d\u00e9cadas. La academia, diversas organizaciones pol\u00edticas y sociales y los medios de comunicaci\u00f3n, en l\u00edneas generales, se han visto impregnados por eso que algunos llaman culto a la memoria.<\/p>\n\n\n\n<!--more-->\n\n\n\n<div style=\"text-align:center\" class=\"wp-block-atomic-blocks-ab-button ab-block-button\"><a href=\"https:\/\/alacip.org\/cong15\/mcp-duque8c.pdf\" class=\"ab-button ab-button-shape-circular ab-button-size-medium\" style=\"color:#ffffff;background-color:#3373dc\">Descargar Archivo<\/a><\/div>\n\n\n\n<p><\/p>\n","protected":false},"featured_media":0,"template":"","meta":{"_genesis_hide_title":false,"_genesis_hide_breadcrumbs":false,"_genesis_hide_singular_image":false,"_genesis_hide_footer_widgets":false,"_genesis_custom_body_class":"","_genesis_custom_post_class":"","_genesis_layout":""},"filtro":[109],"anocongresso":[778],"conginstituicion":[235],"areatema":[815],"class_list":{"0":"post-38243","1":"todasponencias","2":"type-todasponencias","3":"status-publish","5":"filtro-colombia","6":"anocongresso-778","7":"conginstituicion-uantioquia","8":"areatema-metodologia-en-ciencia-politica-2","9":"entry"},"_links":{"self":[{"href":"https:\/\/alacip.org\/index.php?rest_route=\/wp\/v2\/todasponencias\/38243","targetHints":{"allow":["GET"]}}],"collection":[{"href":"https:\/\/alacip.org\/index.php?rest_route=\/wp\/v2\/todasponencias"}],"about":[{"href":"https:\/\/alacip.org\/index.php?rest_route=\/wp\/v2\/types\/todasponencias"}],"wp:attachment":[{"href":"https:\/\/alacip.org\/index.php?rest_route=%2Fwp%2Fv2%2Fmedia&parent=38243"}],"wp:term":[{"taxonomy":"filtro","embeddable":true,"href":"https:\/\/alacip.org\/index.php?rest_route=%2Fwp%2Fv2%2Ffiltro&post=38243"},{"taxonomy":"anocongresso","embeddable":true,"href":"https:\/\/alacip.org\/index.php?rest_route=%2Fwp%2Fv2%2Fanocongresso&post=38243"},{"taxonomy":"conginstituicion","embeddable":true,"href":"https:\/\/alacip.org\/index.php?rest_route=%2Fwp%2Fv2%2Fconginstituicion&post=38243"},{"taxonomy":"areatema","embeddable":true,"href":"https:\/\/alacip.org\/index.php?rest_route=%2Fwp%2Fv2%2Fareatema&post=38243"}],"curies":[{"name":"wp","href":"https:\/\/api.w.org\/{rel}","templated":true}]}}

<p>En torno a la memoria se han tejido infinidad de debates académicos y políticos por toda América Latina en las últimas décadas. La academia, diversas organizaciones políticas y sociales y los medios de comunicación, en líneas generales, se han visto impregnados por eso que algunos llaman culto a la memoria.</p>



<!--more-->



<div style="text-align:center" class="wp-block-atomic-blocks-ab-button ab-block-button"><a href="https://alacip.org/cong15/mcp-duque8c.pdf" class="ab-button ab-button-shape-circular ab-button-size-medium" style="color:#ffffff;background-color:#3373dc">Descargar Archivo</a></div>



<p></p>
