{"id":38247,"date":"2020-10-01T20:09:21","date_gmt":"2020-10-01T23:09:21","guid":{"rendered":"https:\/\/alacip.org\/?post_type=todasponencias&#038;p=38247"},"modified":"2020-10-05T07:57:58","modified_gmt":"2020-10-05T10:57:58","slug":"a-formacao-dos-cientistas-politicos-no-brasil-uma-analise","status":"publish","type":"todasponencias","link":"https:\/\/alacip.org\/?todasponencias=a-formacao-dos-cientistas-politicos-no-brasil-uma-analise","title":{"rendered":"A Forma\u00e7\u00e3o dos Cientistas Pol\u00edticos no Brasil: Uma An\u00e1lise Longitudinal do Perfil dos Programas de P\u00f3s-Gradua\u00e7\u00e3o"},"content":{"rendered":"\n<p>A Ci\u00eancia Pol\u00edtica como disciplina acad\u00eamica aut\u00f4noma teve sua forma\u00e7\u00e3o no Brasil nos anos 1960.<\/p>\n\n\n\n<!--more-->\n\n\n\n<div style=\"text-align:center\" class=\"wp-block-atomic-blocks-ab-button ab-block-button\"><a href=\"https:\/\/alacip.org\/cong15\/mcp-melina8c.pdf\" class=\"ab-button ab-button-shape-circular ab-button-size-medium\" style=\"color:#ffffff;background-color:#3373dc\">Descargar Archivo<\/a><\/div>\n\n\n\n<p><\/p>\n","protected":false},"featured_media":0,"template":"","meta":{"_genesis_hide_title":false,"_genesis_hide_breadcrumbs":false,"_genesis_hide_singular_image":false,"_genesis_hide_footer_widgets":false,"_genesis_custom_body_class":"","_genesis_custom_post_class":"","_genesis_layout":""},"filtro":[102],"anocongresso":[778],"conginstituicion":[205],"areatema":[815],"class_list":{"0":"post-38247","1":"todasponencias","2":"type-todasponencias","3":"status-publish","5":"filtro-brasil","6":"anocongresso-778","7":"conginstituicion-unufrgs","8":"areatema-metodologia-en-ciencia-politica-2","9":"entry"},"_links":{"self":[{"href":"https:\/\/alacip.org\/index.php?rest_route=\/wp\/v2\/todasponencias\/38247","targetHints":{"allow":["GET"]}}],"collection":[{"href":"https:\/\/alacip.org\/index.php?rest_route=\/wp\/v2\/todasponencias"}],"about":[{"href":"https:\/\/alacip.org\/index.php?rest_route=\/wp\/v2\/types\/todasponencias"}],"wp:attachment":[{"href":"https:\/\/alacip.org\/index.php?rest_route=%2Fwp%2Fv2%2Fmedia&parent=38247"}],"wp:term":[{"taxonomy":"filtro","embeddable":true,"href":"https:\/\/alacip.org\/index.php?rest_route=%2Fwp%2Fv2%2Ffiltro&post=38247"},{"taxonomy":"anocongresso","embeddable":true,"href":"https:\/\/alacip.org\/index.php?rest_route=%2Fwp%2Fv2%2Fanocongresso&post=38247"},{"taxonomy":"conginstituicion","embeddable":true,"href":"https:\/\/alacip.org\/index.php?rest_route=%2Fwp%2Fv2%2Fconginstituicion&post=38247"},{"taxonomy":"areatema","embeddable":true,"href":"https:\/\/alacip.org\/index.php?rest_route=%2Fwp%2Fv2%2Fareatema&post=38247"}],"curies":[{"name":"wp","href":"https:\/\/api.w.org\/{rel}","templated":true}]}}

A Formação dos Cientistas Políticos no Brasil: Uma Análise Longitudinal do Perfil dos Programas de Pós-Graduação

<p>A Ciência Política como disciplina acadêmica autônoma teve sua formação no Brasil nos anos 1960.</p>



<!--more-->



<div style="text-align:center" class="wp-block-atomic-blocks-ab-button ab-block-button"><a href="https://alacip.org/cong15/mcp-melina8c.pdf" class="ab-button ab-button-shape-circular ab-button-size-medium" style="color:#ffffff;background-color:#3373dc">Descargar Archivo</a></div>



<p></p>
