{"id":38255,"date":"2020-10-01T20:44:47","date_gmt":"2020-10-01T23:44:47","guid":{"rendered":"https:\/\/alacip.org\/?post_type=todasponencias&#038;p=38255"},"modified":"2020-10-05T07:57:29","modified_gmt":"2020-10-05T10:57:29","slug":"una-vision-comparada-a-las-transformaciones-de-los","status":"publish","type":"todasponencias","link":"https:\/\/alacip.org\/?todasponencias=una-vision-comparada-a-las-transformaciones-de-los","title":{"rendered":"Una visi\u00f3n comparada a las transformaciones de los reg\u00edmenes pol\u00edticos de Colombia y Per\u00fa en contexto del conflicto armado"},"content":{"rendered":"\n<p>Los reg\u00edmenes pol\u00edticos en Latinoam\u00e9rica han estado sometidos a diversas transformaciones en el tiempo, en algunos casos dichos cambios son promovidos por qui\u00e9n detenta el poder ejecutivo perfilando de alguna manera las instituciones a su personalidad, dicha situaci\u00f3n es tambi\u00e9n visible cuando en el pa\u00eds en cuesti\u00f3n hay presencia de conflicto armado interno.<\/p>\n\n\n\n<!--more-->\n\n\n\n<div style=\"text-align:center\" class=\"wp-block-atomic-blocks-ab-button ab-block-button\"><a href=\"https:\/\/alacip.org\/cong15\/pco-alvarez8cdiv.pdf\" class=\"ab-button ab-button-shape-circular ab-button-size-medium\" style=\"color:#ffffff;background-color:#3373dc\">Descargar Archivo<\/a><\/div>\n\n\n\n<p><\/p>\n","protected":false},"featured_media":0,"template":"","meta":{"_genesis_hide_title":false,"_genesis_hide_breadcrumbs":false,"_genesis_hide_singular_image":false,"_genesis_hide_footer_widgets":false,"_genesis_custom_body_class":"","_genesis_custom_post_class":"","_genesis_layout":""},"filtro":[109],"anocongresso":[778],"conginstituicion":[235],"areatema":[391],"class_list":{"0":"post-38255","1":"todasponencias","2":"type-todasponencias","3":"status-publish","5":"filtro-colombia","6":"anocongresso-778","7":"conginstituicion-uantioquia","8":"areatema-politica-comparada","9":"entry"},"_links":{"self":[{"href":"https:\/\/alacip.org\/index.php?rest_route=\/wp\/v2\/todasponencias\/38255","targetHints":{"allow":["GET"]}}],"collection":[{"href":"https:\/\/alacip.org\/index.php?rest_route=\/wp\/v2\/todasponencias"}],"about":[{"href":"https:\/\/alacip.org\/index.php?rest_route=\/wp\/v2\/types\/todasponencias"}],"wp:attachment":[{"href":"https:\/\/alacip.org\/index.php?rest_route=%2Fwp%2Fv2%2Fmedia&parent=38255"}],"wp:term":[{"taxonomy":"filtro","embeddable":true,"href":"https:\/\/alacip.org\/index.php?rest_route=%2Fwp%2Fv2%2Ffiltro&post=38255"},{"taxonomy":"anocongresso","embeddable":true,"href":"https:\/\/alacip.org\/index.php?rest_route=%2Fwp%2Fv2%2Fanocongresso&post=38255"},{"taxonomy":"conginstituicion","embeddable":true,"href":"https:\/\/alacip.org\/index.php?rest_route=%2Fwp%2Fv2%2Fconginstituicion&post=38255"},{"taxonomy":"areatema","embeddable":true,"href":"https:\/\/alacip.org\/index.php?rest_route=%2Fwp%2Fv2%2Fareatema&post=38255"}],"curies":[{"name":"wp","href":"https:\/\/api.w.org\/{rel}","templated":true}]}}

Una visión comparada a las transformaciones de los regímenes políticos de Colombia y Perú en contexto del conflicto armado

<p>Los regímenes políticos en Latinoamérica han estado sometidos a diversas transformaciones en el tiempo, en algunos casos dichos cambios son promovidos por quién detenta el poder ejecutivo perfilando de alguna manera las instituciones a su personalidad, dicha situación es también visible cuando en el país en cuestión hay presencia de conflicto armado interno.</p>



<!--more-->



<div style="text-align:center" class="wp-block-atomic-blocks-ab-button ab-block-button"><a href="https://alacip.org/cong15/pco-alvarez8cdiv.pdf" class="ab-button ab-button-shape-circular ab-button-size-medium" style="color:#ffffff;background-color:#3373dc">Descargar Archivo</a></div>



<p></p>
