{"id":38258,"date":"2020-10-01T20:36:02","date_gmt":"2020-10-01T23:36:02","guid":{"rendered":"https:\/\/alacip.org\/?post_type=todasponencias&#038;p=38258"},"modified":"2020-10-05T07:57:48","modified_gmt":"2020-10-05T10:57:48","slug":"los-retos-de-la-reconciliacion-en-paises-pos-conflictos-un","status":"publish","type":"todasponencias","link":"https:\/\/alacip.org\/?todasponencias=los-retos-de-la-reconciliacion-en-paises-pos-conflictos-un","title":{"rendered":"Los retos de la reconciliaci\u00f3n en pa\u00edses pos-conflictos: un an\u00e1lisis comparado del Per\u00fa, El Salvador, y Guatemala"},"content":{"rendered":"\n<p>Por casi medio siglo durante las d\u00e9cadas de los 50 y los 90, la mayor\u00eda de los pa\u00edses latinoamericanos sufr\u00edan los efectos de conflictos armados internos, casi todos inspirados por una u otra variedad ideol\u00f3gica marxista pero con diferencias importantes en sus or\u00edgenes, sus din\u00e1micas y sus resoluciones.<\/p>\n\n\n\n<!--more-->\n\n\n\n<div style=\"text-align:center\" class=\"wp-block-atomic-blocks-ab-button ab-block-button\"><a href=\"https:\/\/alacip.org\/cong15\/mcp-palmer8c.pdf\" class=\"ab-button ab-button-shape-circular ab-button-size-medium\" style=\"color:#ffffff;background-color:#3373dc\">Descargar Archivo<\/a><\/div>\n\n\n\n<p><\/p>\n","protected":false},"featured_media":0,"template":"","meta":{"_genesis_hide_title":false,"_genesis_hide_breadcrumbs":false,"_genesis_hide_singular_image":false,"_genesis_hide_footer_widgets":false,"_genesis_custom_body_class":"","_genesis_custom_post_class":"","_genesis_layout":""},"filtro":[117],"anocongresso":[778],"conginstituicion":[817],"areatema":[815],"class_list":{"0":"post-38258","1":"todasponencias","2":"type-todasponencias","3":"status-publish","5":"filtro-estados-unidos","6":"anocongresso-778","7":"conginstituicion-universidad-de-boston-eeuu","8":"areatema-metodologia-en-ciencia-politica-2","9":"entry"},"_links":{"self":[{"href":"https:\/\/alacip.org\/index.php?rest_route=\/wp\/v2\/todasponencias\/38258","targetHints":{"allow":["GET"]}}],"collection":[{"href":"https:\/\/alacip.org\/index.php?rest_route=\/wp\/v2\/todasponencias"}],"about":[{"href":"https:\/\/alacip.org\/index.php?rest_route=\/wp\/v2\/types\/todasponencias"}],"wp:attachment":[{"href":"https:\/\/alacip.org\/index.php?rest_route=%2Fwp%2Fv2%2Fmedia&parent=38258"}],"wp:term":[{"taxonomy":"filtro","embeddable":true,"href":"https:\/\/alacip.org\/index.php?rest_route=%2Fwp%2Fv2%2Ffiltro&post=38258"},{"taxonomy":"anocongresso","embeddable":true,"href":"https:\/\/alacip.org\/index.php?rest_route=%2Fwp%2Fv2%2Fanocongresso&post=38258"},{"taxonomy":"conginstituicion","embeddable":true,"href":"https:\/\/alacip.org\/index.php?rest_route=%2Fwp%2Fv2%2Fconginstituicion&post=38258"},{"taxonomy":"areatema","embeddable":true,"href":"https:\/\/alacip.org\/index.php?rest_route=%2Fwp%2Fv2%2Fareatema&post=38258"}],"curies":[{"name":"wp","href":"https:\/\/api.w.org\/{rel}","templated":true}]}}

Los retos de la reconciliación en países pos-conflictos: un análisis comparado del Perú, El Salvador, y Guatemala

<p>Por casi medio siglo durante las décadas de los 50 y los 90, la mayoría de los países latinoamericanos sufrían los efectos de conflictos armados internos, casi todos inspirados por una u otra variedad ideológica marxista pero con diferencias importantes en sus orígenes, sus dinámicas y sus resoluciones.</p>



<!--more-->



<div style="text-align:center" class="wp-block-atomic-blocks-ab-button ab-block-button"><a href="https://alacip.org/cong15/mcp-palmer8c.pdf" class="ab-button ab-button-shape-circular ab-button-size-medium" style="color:#ffffff;background-color:#3373dc">Descargar Archivo</a></div>



<p></p>
