{"id":38261,"date":"2020-10-01T20:46:54","date_gmt":"2020-10-01T23:46:54","guid":{"rendered":"https:\/\/alacip.org\/?post_type=todasponencias&#038;p=38261"},"modified":"2020-10-05T07:57:07","modified_gmt":"2020-10-05T10:57:07","slug":"convergencia-de-procesos-retorno-y-restitucion-de-tierras","status":"publish","type":"todasponencias","link":"https:\/\/alacip.org\/?todasponencias=convergencia-de-procesos-retorno-y-restitucion-de-tierras","title":{"rendered":"Convergencia de procesos Retorno y Restituci\u00f3n de Tierras con Proyectos Minero-Energ\u00e9ticos. Lectura comparada de contexto entre Per\u00fa y Colombia 1995-2013"},"content":{"rendered":"\n<p>La reparaci\u00f3n de los derechos de las v\u00edctimas de desplazamiento forzado es un desaf\u00edo en los procesos de posconflicto, lograr condiciones de seguridad y procesos de estabilizaci\u00f3n socioecon\u00f3mica en el retorno y garantizar la restituci\u00f3n de las tierras y territorios perdidos se encuentra entre los principales retos para los Estados.<\/p>\n\n\n\n<!--more-->\n\n\n\n<div style=\"text-align:center\" class=\"wp-block-atomic-blocks-ab-button ab-block-button\"><a href=\"https:\/\/alacip.org\/cong15\/pco-dias8cdiv.pdf\" class=\"ab-button ab-button-shape-circular ab-button-size-medium\" style=\"color:#ffffff;background-color:#3373dc\">Descargar Archivo<\/a><\/div>\n\n\n\n<p><\/p>\n","protected":false},"featured_media":0,"template":"","meta":{"_genesis_hide_title":false,"_genesis_hide_breadcrumbs":false,"_genesis_hide_singular_image":false,"_genesis_hide_footer_widgets":false,"_genesis_custom_body_class":"","_genesis_custom_post_class":"","_genesis_layout":""},"filtro":[109],"anocongresso":[778],"conginstituicion":[235],"areatema":[391],"class_list":{"0":"post-38261","1":"todasponencias","2":"type-todasponencias","3":"status-publish","5":"filtro-colombia","6":"anocongresso-778","7":"conginstituicion-uantioquia","8":"areatema-politica-comparada","9":"entry"},"_links":{"self":[{"href":"https:\/\/alacip.org\/index.php?rest_route=\/wp\/v2\/todasponencias\/38261","targetHints":{"allow":["GET"]}}],"collection":[{"href":"https:\/\/alacip.org\/index.php?rest_route=\/wp\/v2\/todasponencias"}],"about":[{"href":"https:\/\/alacip.org\/index.php?rest_route=\/wp\/v2\/types\/todasponencias"}],"wp:attachment":[{"href":"https:\/\/alacip.org\/index.php?rest_route=%2Fwp%2Fv2%2Fmedia&parent=38261"}],"wp:term":[{"taxonomy":"filtro","embeddable":true,"href":"https:\/\/alacip.org\/index.php?rest_route=%2Fwp%2Fv2%2Ffiltro&post=38261"},{"taxonomy":"anocongresso","embeddable":true,"href":"https:\/\/alacip.org\/index.php?rest_route=%2Fwp%2Fv2%2Fanocongresso&post=38261"},{"taxonomy":"conginstituicion","embeddable":true,"href":"https:\/\/alacip.org\/index.php?rest_route=%2Fwp%2Fv2%2Fconginstituicion&post=38261"},{"taxonomy":"areatema","embeddable":true,"href":"https:\/\/alacip.org\/index.php?rest_route=%2Fwp%2Fv2%2Fareatema&post=38261"}],"curies":[{"name":"wp","href":"https:\/\/api.w.org\/{rel}","templated":true}]}}

Convergencia de procesos Retorno y Restitución de Tierras con Proyectos Minero-Energéticos. Lectura comparada de contexto entre Perú y Colombia 1995-2013

<p>La reparación de los derechos de las víctimas de desplazamiento forzado es un desafío en los procesos de posconflicto, lograr condiciones de seguridad y procesos de estabilización socioeconómica en el retorno y garantizar la restitución de las tierras y territorios perdidos se encuentra entre los principales retos para los Estados.</p>



<!--more-->



<div style="text-align:center" class="wp-block-atomic-blocks-ab-button ab-block-button"><a href="https://alacip.org/cong15/pco-dias8cdiv.pdf" class="ab-button ab-button-shape-circular ab-button-size-medium" style="color:#ffffff;background-color:#3373dc">Descargar Archivo</a></div>



<p></p>
