{"id":38263,"date":"2020-10-01T20:48:48","date_gmt":"2020-10-01T23:48:48","guid":{"rendered":"https:\/\/alacip.org\/?post_type=todasponencias&#038;p=38263"},"modified":"2020-10-05T07:56:46","modified_gmt":"2020-10-05T10:56:46","slug":"implementacion-de-las-politicas-publicas-lgbti-en-colombia","status":"publish","type":"todasponencias","link":"https:\/\/alacip.org\/?todasponencias=implementacion-de-las-politicas-publicas-lgbti-en-colombia","title":{"rendered":"Implementaci\u00f3n de las pol\u00edticas p\u00fablicas LGBTI en Colombia: un an\u00e1lisis comparado del proceso de implementaci\u00f3n de la pol\u00edtica p\u00fablica LGBTI en las ciudades de Bogot\u00e1 y Medell\u00edn"},"content":{"rendered":"\n<p>El presente trabajo eval\u00faa desde la perspectiva comparada el impacto que la pol\u00edtica p\u00fablica para la diversidad sexual y de g\u00e9nero de la ciudad de Medell\u00edn y el Distrito Capital, espec\u00edficamente, la implementaci\u00f3n de los procesos estrat\u00e9gicos que poseen como tema transversal la educaci\u00f3n, han tenido en la poblaci\u00f3n Trans de ambas ciudades.<\/p>\n\n\n\n<!--more-->\n\n\n\n<div style=\"text-align:center\" class=\"wp-block-atomic-blocks-ab-button ab-block-button\"><a href=\"https:\/\/alacip.org\/cong15\/pco-yepes8cdiv.pdf\" class=\"ab-button ab-button-shape-circular ab-button-size-medium\" style=\"color:#ffffff;background-color:#3373dc\">Descargar Archivo<\/a><\/div>\n\n\n\n<p><\/p>\n","protected":false},"featured_media":0,"template":"","meta":{"_genesis_hide_title":false,"_genesis_hide_breadcrumbs":false,"_genesis_hide_singular_image":false,"_genesis_hide_footer_widgets":false,"_genesis_custom_body_class":"","_genesis_custom_post_class":"","_genesis_layout":""},"filtro":[109],"anocongresso":[778],"conginstituicion":[235],"areatema":[391],"class_list":{"0":"post-38263","1":"todasponencias","2":"type-todasponencias","3":"status-publish","5":"filtro-colombia","6":"anocongresso-778","7":"conginstituicion-uantioquia","8":"areatema-politica-comparada","9":"entry"},"_links":{"self":[{"href":"https:\/\/alacip.org\/index.php?rest_route=\/wp\/v2\/todasponencias\/38263","targetHints":{"allow":["GET"]}}],"collection":[{"href":"https:\/\/alacip.org\/index.php?rest_route=\/wp\/v2\/todasponencias"}],"about":[{"href":"https:\/\/alacip.org\/index.php?rest_route=\/wp\/v2\/types\/todasponencias"}],"wp:attachment":[{"href":"https:\/\/alacip.org\/index.php?rest_route=%2Fwp%2Fv2%2Fmedia&parent=38263"}],"wp:term":[{"taxonomy":"filtro","embeddable":true,"href":"https:\/\/alacip.org\/index.php?rest_route=%2Fwp%2Fv2%2Ffiltro&post=38263"},{"taxonomy":"anocongresso","embeddable":true,"href":"https:\/\/alacip.org\/index.php?rest_route=%2Fwp%2Fv2%2Fanocongresso&post=38263"},{"taxonomy":"conginstituicion","embeddable":true,"href":"https:\/\/alacip.org\/index.php?rest_route=%2Fwp%2Fv2%2Fconginstituicion&post=38263"},{"taxonomy":"areatema","embeddable":true,"href":"https:\/\/alacip.org\/index.php?rest_route=%2Fwp%2Fv2%2Fareatema&post=38263"}],"curies":[{"name":"wp","href":"https:\/\/api.w.org\/{rel}","templated":true}]}}

Implementación de las políticas públicas LGBTI en Colombia: un análisis comparado del proceso de implementación de la política pública LGBTI en las ciudades de Bogotá y Medellín

<p>El presente trabajo evalúa desde la perspectiva comparada el impacto que la política pública para la diversidad sexual y de género de la ciudad de Medellín y el Distrito Capital, específicamente, la implementación de los procesos estratégicos que poseen como tema transversal la educación, han tenido en la población Trans de ambas ciudades.</p>



<!--more-->



<div style="text-align:center" class="wp-block-atomic-blocks-ab-button ab-block-button"><a href="https://alacip.org/cong15/pco-yepes8cdiv.pdf" class="ab-button ab-button-shape-circular ab-button-size-medium" style="color:#ffffff;background-color:#3373dc">Descargar Archivo</a></div>



<p></p>
