{"id":38266,"date":"2020-10-01T21:21:39","date_gmt":"2020-10-02T00:21:39","guid":{"rendered":"https:\/\/alacip.org\/?post_type=todasponencias&#038;p=38266"},"modified":"2020-10-05T07:47:19","modified_gmt":"2020-10-05T10:47:19","slug":"el-vinculo-bilateral-entre-argentina-y-brasil-durante-el","status":"publish","type":"todasponencias","link":"https:\/\/alacip.org\/?todasponencias=el-vinculo-bilateral-entre-argentina-y-brasil-durante-el","title":{"rendered":"El v\u00ednculo bilateral entre Argentina y Brasil durante el gobierno de Cristina Fern\u00e1ndez de Kirchner  (2007-2014). Fin de los \u201ca\u00f1os dorados\u201d y p\u00e9rdida de intensidad relativa"},"content":{"rendered":"\n<p>La presente ponencia tiene como objetivo analizar el estado del v\u00ednculo bilateral entre Argentina y Brasil durante el mandato presidencial de Cristina Fern\u00e1ndez de Kirchner. La evidencia emp\u00edrica se\u00f1ala que a partir del 2011 se produce una disminuci\u00f3n en la intensidad del v\u00ednculo tanto en la dimensi\u00f3n pol\u00edtica como econ\u00f3mica.<\/p>\n\n\n\n<!--more-->\n\n\n\n<div style=\"text-align:center\" class=\"wp-block-atomic-blocks-ab-button ab-block-button\"><a href=\"https:\/\/alacip.org\/cong15\/int-actis8cd.pdf\" class=\"ab-button ab-button-shape-circular ab-button-size-medium\" style=\"color:#ffffff;background-color:#3373dc\">Descargar Archivo<\/a><\/div>\n\n\n\n<p><\/p>\n","protected":false},"featured_media":0,"template":"","meta":{"_genesis_hide_title":false,"_genesis_hide_breadcrumbs":false,"_genesis_hide_singular_image":false,"_genesis_hide_footer_widgets":false,"_genesis_custom_body_class":"","_genesis_custom_post_class":"","_genesis_layout":""},"filtro":[105],"anocongresso":[778],"conginstituicion":[438,336],"areatema":[160],"class_list":{"0":"post-38266","1":"todasponencias","2":"type-todasponencias","3":"status-publish","5":"filtro-argentina","6":"anocongresso-778","7":"conginstituicion-conicet","8":"conginstituicion-un-de-rosario-unr","9":"areatema-relaciones-internacionales","10":"entry"},"_links":{"self":[{"href":"https:\/\/alacip.org\/index.php?rest_route=\/wp\/v2\/todasponencias\/38266","targetHints":{"allow":["GET"]}}],"collection":[{"href":"https:\/\/alacip.org\/index.php?rest_route=\/wp\/v2\/todasponencias"}],"about":[{"href":"https:\/\/alacip.org\/index.php?rest_route=\/wp\/v2\/types\/todasponencias"}],"wp:attachment":[{"href":"https:\/\/alacip.org\/index.php?rest_route=%2Fwp%2Fv2%2Fmedia&parent=38266"}],"wp:term":[{"taxonomy":"filtro","embeddable":true,"href":"https:\/\/alacip.org\/index.php?rest_route=%2Fwp%2Fv2%2Ffiltro&post=38266"},{"taxonomy":"anocongresso","embeddable":true,"href":"https:\/\/alacip.org\/index.php?rest_route=%2Fwp%2Fv2%2Fanocongresso&post=38266"},{"taxonomy":"conginstituicion","embeddable":true,"href":"https:\/\/alacip.org\/index.php?rest_route=%2Fwp%2Fv2%2Fconginstituicion&post=38266"},{"taxonomy":"areatema","embeddable":true,"href":"https:\/\/alacip.org\/index.php?rest_route=%2Fwp%2Fv2%2Fareatema&post=38266"}],"curies":[{"name":"wp","href":"https:\/\/api.w.org\/{rel}","templated":true}]}}

El vínculo bilateral entre Argentina y Brasil durante el gobierno de Cristina Fernández de Kirchner  (2007-2014). Fin de los “años dorados” y pérdida de intensidad relativa

<p>La presente ponencia tiene como objetivo analizar el estado del vínculo bilateral entre Argentina y Brasil durante el mandato presidencial de Cristina Fernández de Kirchner. La evidencia empírica señala que a partir del 2011 se produce una disminución en la intensidad del vínculo tanto en la dimensión política como económica.</p>



<!--more-->



<div style="text-align:center" class="wp-block-atomic-blocks-ab-button ab-block-button"><a href="https://alacip.org/cong15/int-actis8cd.pdf" class="ab-button ab-button-shape-circular ab-button-size-medium" style="color:#ffffff;background-color:#3373dc">Descargar Archivo</a></div>



<p></p>
