{"id":38269,"date":"2020-10-01T21:24:35","date_gmt":"2020-10-02T00:24:35","guid":{"rendered":"https:\/\/alacip.org\/?post_type=todasponencias&#038;p=38269"},"modified":"2020-10-05T07:47:12","modified_gmt":"2020-10-05T10:47:12","slug":"la-politica-exterior-en-los-tiempos-de-cristina-fernandez","status":"publish","type":"todasponencias","link":"https:\/\/alacip.org\/?todasponencias=la-politica-exterior-en-los-tiempos-de-cristina-fernandez","title":{"rendered":"La  pol\u00edtica  exterior  en  los  tiempos  de  Cristina  Fern\u00e1ndez:  nuevos  desaf\u00edos  en  un contexto de creciente complejidad"},"content":{"rendered":"\n<p>La Pol\u00edtica exterior Argentina durante los gobiernos de Cristina Fern\u00e1ndez contin\u00fao los lineamientos principales establecidos por N\u00e9stor Kirchner: inserci\u00f3n latinoamericana, con especial referencia a Sudam\u00e9rica; posturas multilaterales revisionistas y articulaci\u00f3n de la gesti\u00f3n externa con las necesidades del desarrollo nacional y la b\u00fasqueda de autonom\u00eda.<\/p>\n\n\n\n<!--more-->\n\n\n\n<div style=\"text-align:center\" class=\"wp-block-atomic-blocks-ab-button ab-block-button\"><a href=\"https:\/\/alacip.org\/cong15\/int-busso-8cd.pdf\" class=\"ab-button ab-button-shape-circular ab-button-size-medium\" style=\"color:#ffffff;background-color:#3373dc\">Descargar Archivo<\/a><\/div>\n\n\n\n<p><\/p>\n","protected":false},"featured_media":0,"template":"","meta":{"_genesis_hide_title":false,"_genesis_hide_breadcrumbs":false,"_genesis_hide_singular_image":false,"_genesis_hide_footer_widgets":false,"_genesis_custom_body_class":"","_genesis_custom_post_class":"","_genesis_layout":""},"filtro":[105],"anocongresso":[778],"conginstituicion":[336],"areatema":[160],"class_list":{"0":"post-38269","1":"todasponencias","2":"type-todasponencias","3":"status-publish","5":"filtro-argentina","6":"anocongresso-778","7":"conginstituicion-un-de-rosario-unr","8":"areatema-relaciones-internacionales","9":"entry"},"_links":{"self":[{"href":"https:\/\/alacip.org\/index.php?rest_route=\/wp\/v2\/todasponencias\/38269","targetHints":{"allow":["GET"]}}],"collection":[{"href":"https:\/\/alacip.org\/index.php?rest_route=\/wp\/v2\/todasponencias"}],"about":[{"href":"https:\/\/alacip.org\/index.php?rest_route=\/wp\/v2\/types\/todasponencias"}],"wp:attachment":[{"href":"https:\/\/alacip.org\/index.php?rest_route=%2Fwp%2Fv2%2Fmedia&parent=38269"}],"wp:term":[{"taxonomy":"filtro","embeddable":true,"href":"https:\/\/alacip.org\/index.php?rest_route=%2Fwp%2Fv2%2Ffiltro&post=38269"},{"taxonomy":"anocongresso","embeddable":true,"href":"https:\/\/alacip.org\/index.php?rest_route=%2Fwp%2Fv2%2Fanocongresso&post=38269"},{"taxonomy":"conginstituicion","embeddable":true,"href":"https:\/\/alacip.org\/index.php?rest_route=%2Fwp%2Fv2%2Fconginstituicion&post=38269"},{"taxonomy":"areatema","embeddable":true,"href":"https:\/\/alacip.org\/index.php?rest_route=%2Fwp%2Fv2%2Fareatema&post=38269"}],"curies":[{"name":"wp","href":"https:\/\/api.w.org\/{rel}","templated":true}]}}

La  política  exterior  en  los  tiempos  de  Cristina  Fernández:  nuevos  desafíos  en  un contexto de creciente complejidad

<p>La Política exterior Argentina durante los gobiernos de Cristina Fernández continúo los lineamientos principales establecidos por Néstor Kirchner: inserción latinoamericana, con especial referencia a Sudamérica; posturas multilaterales revisionistas y articulación de la gestión externa con las necesidades del desarrollo nacional y la búsqueda de autonomía.</p>



<!--more-->



<div style="text-align:center" class="wp-block-atomic-blocks-ab-button ab-block-button"><a href="https://alacip.org/cong15/int-busso-8cd.pdf" class="ab-button ab-button-shape-circular ab-button-size-medium" style="color:#ffffff;background-color:#3373dc">Descargar Archivo</a></div>



<p></p>
