{"id":38270,"date":"2020-10-01T21:27:49","date_gmt":"2020-10-02T00:27:49","guid":{"rendered":"https:\/\/alacip.org\/?post_type=todasponencias&#038;p=38270"},"modified":"2020-10-05T07:47:02","modified_gmt":"2020-10-05T10:47:02","slug":"os-governos-de-lula-da-silva-e-dilma-rousseff-2011-2014","status":"publish","type":"todasponencias","link":"https:\/\/alacip.org\/?todasponencias=os-governos-de-lula-da-silva-e-dilma-rousseff-2011-2014","title":{"rendered":"Os governos de Lula da Silva e Dilma Rousseff (2011-2014) no processo de institucionaliza\u00e7\u00e3o do Conselho de Defesa Sul-Americano"},"content":{"rendered":"\n<p>A postura brasileira no \u00e2mbito regional no campo da Defesa e da Seguran\u00e7a Internacional tem sido analisada, de forma esquem\u00e1tica, sob duas perspectivas que guardam certa diferencia\u00e7\u00e3o. Os documentos normativos no campo da Defesa, nos \u00faltimos anos, apontam para a relev\u00e2ncia da dimens\u00e3o regional no c\u00e1lculo estrat\u00e9gico,<\/p>\n\n\n\n<!--more-->\n\n\n\n<div style=\"text-align:center\" class=\"wp-block-atomic-blocks-ab-button ab-block-button\"><a href=\"https:\/\/alacip.org\/cong15\/int-soares8cd.pdf\" class=\"ab-button ab-button-shape-circular ab-button-size-medium\" style=\"color:#ffffff;background-color:#3373dc\">Descargar Archivo<\/a><\/div>\n\n\n\n<p><\/p>\n","protected":false},"featured_media":0,"template":"","meta":{"_genesis_hide_title":false,"_genesis_hide_breadcrumbs":false,"_genesis_hide_singular_image":false,"_genesis_hide_footer_widgets":false,"_genesis_custom_body_class":"","_genesis_custom_post_class":"","_genesis_layout":""},"filtro":[102],"anocongresso":[778],"conginstituicion":[228],"areatema":[160],"class_list":{"0":"post-38270","1":"todasponencias","2":"type-todasponencias","3":"status-publish","5":"filtro-brasil","6":"anocongresso-778","7":"conginstituicion-unesp","8":"areatema-relaciones-internacionales","9":"entry"},"_links":{"self":[{"href":"https:\/\/alacip.org\/index.php?rest_route=\/wp\/v2\/todasponencias\/38270","targetHints":{"allow":["GET"]}}],"collection":[{"href":"https:\/\/alacip.org\/index.php?rest_route=\/wp\/v2\/todasponencias"}],"about":[{"href":"https:\/\/alacip.org\/index.php?rest_route=\/wp\/v2\/types\/todasponencias"}],"wp:attachment":[{"href":"https:\/\/alacip.org\/index.php?rest_route=%2Fwp%2Fv2%2Fmedia&parent=38270"}],"wp:term":[{"taxonomy":"filtro","embeddable":true,"href":"https:\/\/alacip.org\/index.php?rest_route=%2Fwp%2Fv2%2Ffiltro&post=38270"},{"taxonomy":"anocongresso","embeddable":true,"href":"https:\/\/alacip.org\/index.php?rest_route=%2Fwp%2Fv2%2Fanocongresso&post=38270"},{"taxonomy":"conginstituicion","embeddable":true,"href":"https:\/\/alacip.org\/index.php?rest_route=%2Fwp%2Fv2%2Fconginstituicion&post=38270"},{"taxonomy":"areatema","embeddable":true,"href":"https:\/\/alacip.org\/index.php?rest_route=%2Fwp%2Fv2%2Fareatema&post=38270"}],"curies":[{"name":"wp","href":"https:\/\/api.w.org\/{rel}","templated":true}]}}

Os governos de Lula da Silva e Dilma Rousseff (2011-2014) no processo de institucionalização do Conselho de Defesa Sul-Americano

<p>A postura brasileira no âmbito regional no campo da Defesa e da Segurança Internacional tem sido analisada, de forma esquemática, sob duas perspectivas que guardam certa diferenciação. Os documentos normativos no campo da Defesa, nos últimos anos, apontam para a relevância da dimensão regional no cálculo estratégico,</p>



<!--more-->



<div style="text-align:center" class="wp-block-atomic-blocks-ab-button ab-block-button"><a href="https://alacip.org/cong15/int-soares8cd.pdf" class="ab-button ab-button-shape-circular ab-button-size-medium" style="color:#ffffff;background-color:#3373dc">Descargar Archivo</a></div>



<p></p>
