{"id":38272,"date":"2020-10-01T21:52:54","date_gmt":"2020-10-02T00:52:54","guid":{"rendered":"https:\/\/alacip.org\/?post_type=todasponencias&#038;p=38272"},"modified":"2020-10-05T07:46:49","modified_gmt":"2020-10-05T10:46:49","slug":"fuerzas-armadas-y-operaciones-de-paz-un-analisis-comparado","status":"publish","type":"todasponencias","link":"https:\/\/alacip.org\/?todasponencias=fuerzas-armadas-y-operaciones-de-paz-un-analisis-comparado","title":{"rendered":"Fuerzas armadas y operaciones de paz. Un an\u00e1lisis comparado de las pol\u00edticas y experiencias de la Argentina con Brasil, Chile y Uruguay entre 1990 y 2013"},"content":{"rendered":"\n<p>Desde 1990, la participaci\u00f3n de los pa\u00edses del Cono Sur americano en misiones de paz expres\u00f3 el dise\u00f1o de pol\u00edticas de defensa que procuran alinear sus instrumentos militares con sus pol\u00edticas externas en los escenarios de la post-Guerra Fr\u00eda, producir mecanismos de cooperaci\u00f3n internacional multilaterales,<\/p>\n\n\n\n<!--more-->\n\n\n\n<div style=\"text-align:center\" class=\"wp-block-atomic-blocks-ab-button ab-block-button\"><a href=\"https:\/\/alacip.org\/cong15\/int-soprano8cd.pdf\" class=\"ab-button ab-button-shape-circular ab-button-size-medium\" style=\"color:#ffffff;background-color:#3373dc\">Descargar Archivo<\/a><\/div>\n\n\n\n<p><\/p>\n","protected":false},"featured_media":0,"template":"","meta":{"_genesis_hide_title":false,"_genesis_hide_breadcrumbs":false,"_genesis_hide_singular_image":false,"_genesis_hide_footer_widgets":false,"_genesis_custom_body_class":"","_genesis_custom_post_class":"","_genesis_layout":""},"filtro":[105],"anocongresso":[778],"conginstituicion":[438,525,401],"areatema":[160],"class_list":{"0":"post-38272","1":"todasponencias","2":"type-todasponencias","3":"status-publish","5":"filtro-argentina","6":"anocongresso-778","7":"conginstituicion-conicet","8":"conginstituicion-universidad-nacional-de-la-plata","9":"conginstituicion-universidad-nacional-de-quilmes","10":"areatema-relaciones-internacionales","11":"entry"},"_links":{"self":[{"href":"https:\/\/alacip.org\/index.php?rest_route=\/wp\/v2\/todasponencias\/38272","targetHints":{"allow":["GET"]}}],"collection":[{"href":"https:\/\/alacip.org\/index.php?rest_route=\/wp\/v2\/todasponencias"}],"about":[{"href":"https:\/\/alacip.org\/index.php?rest_route=\/wp\/v2\/types\/todasponencias"}],"wp:attachment":[{"href":"https:\/\/alacip.org\/index.php?rest_route=%2Fwp%2Fv2%2Fmedia&parent=38272"}],"wp:term":[{"taxonomy":"filtro","embeddable":true,"href":"https:\/\/alacip.org\/index.php?rest_route=%2Fwp%2Fv2%2Ffiltro&post=38272"},{"taxonomy":"anocongresso","embeddable":true,"href":"https:\/\/alacip.org\/index.php?rest_route=%2Fwp%2Fv2%2Fanocongresso&post=38272"},{"taxonomy":"conginstituicion","embeddable":true,"href":"https:\/\/alacip.org\/index.php?rest_route=%2Fwp%2Fv2%2Fconginstituicion&post=38272"},{"taxonomy":"areatema","embeddable":true,"href":"https:\/\/alacip.org\/index.php?rest_route=%2Fwp%2Fv2%2Fareatema&post=38272"}],"curies":[{"name":"wp","href":"https:\/\/api.w.org\/{rel}","templated":true}]}}

Fuerzas armadas y operaciones de paz. Un análisis comparado de las políticas y experiencias de la Argentina con Brasil, Chile y Uruguay entre 1990 y 2013

<p>Desde 1990, la participación de los países del Cono Sur americano en misiones de paz expresó el diseño de políticas de defensa que procuran alinear sus instrumentos militares con sus políticas externas en los escenarios de la post-Guerra Fría, producir mecanismos de cooperación internacional multilaterales,</p>



<!--more-->



<div style="text-align:center" class="wp-block-atomic-blocks-ab-button ab-block-button"><a href="https://alacip.org/cong15/int-soprano8cd.pdf" class="ab-button ab-button-shape-circular ab-button-size-medium" style="color:#ffffff;background-color:#3373dc">Descargar Archivo</a></div>



<p></p>
