{"id":38274,"date":"2020-10-01T21:56:58","date_gmt":"2020-10-02T00:56:58","guid":{"rendered":"https:\/\/alacip.org\/?post_type=todasponencias&#038;p=38274"},"modified":"2020-10-05T07:46:41","modified_gmt":"2020-10-05T10:46:41","slug":"a-cooperacao-sul-sul-na-politica-externa-brasileira-dos","status":"publish","type":"todasponencias","link":"https:\/\/alacip.org\/?todasponencias=a-cooperacao-sul-sul-na-politica-externa-brasileira-dos","title":{"rendered":"A coopera\u00e7\u00e3o Sul-Sul na pol\u00edtica externa brasileira dos governos Lula da Silva e Dilma Rousseff"},"content":{"rendered":"\n<p>O objetivo deste artigo \u00e9 compreender a coopera\u00e7\u00e3o Sul-Sul na pol\u00edtica externa brasileira nos governos Lula da Silva (2003-2010) e Dilma Rousseff (2011 \u2013 atual). Com a mudan\u00e7a na composi\u00e7\u00e3o das elites pol\u00edticas no n\u00facleo do poder decis\u00f3rio brasileiro, iniciada no governo Lula da Silva,<\/p>\n\n\n\n<!--more-->\n\n\n\n<div style=\"text-align:center\" class=\"wp-block-atomic-blocks-ab-button ab-block-button\"><a href=\"https:\/\/alacip.org\/cong15\/int-mariano8cd.pdf\" class=\"ab-button ab-button-shape-circular ab-button-size-medium\" style=\"color:#ffffff;background-color:#3373dc\">Descargar Archivo<\/a><\/div>\n\n\n\n<p><\/p>\n","protected":false},"featured_media":0,"template":"","meta":{"_genesis_hide_title":false,"_genesis_hide_breadcrumbs":false,"_genesis_hide_singular_image":false,"_genesis_hide_footer_widgets":false,"_genesis_custom_body_class":"","_genesis_custom_post_class":"","_genesis_layout":""},"filtro":[102],"anocongresso":[778],"conginstituicion":[283,228,162],"areatema":[160],"class_list":{"0":"post-38274","1":"todasponencias","2":"type-todasponencias","3":"status-publish","5":"filtro-brasil","6":"anocongresso-778","7":"conginstituicion-ppgristd","8":"conginstituicion-unesp","9":"conginstituicion-uberlandia-ufu","10":"areatema-relaciones-internacionales","11":"entry"},"_links":{"self":[{"href":"https:\/\/alacip.org\/index.php?rest_route=\/wp\/v2\/todasponencias\/38274","targetHints":{"allow":["GET"]}}],"collection":[{"href":"https:\/\/alacip.org\/index.php?rest_route=\/wp\/v2\/todasponencias"}],"about":[{"href":"https:\/\/alacip.org\/index.php?rest_route=\/wp\/v2\/types\/todasponencias"}],"wp:attachment":[{"href":"https:\/\/alacip.org\/index.php?rest_route=%2Fwp%2Fv2%2Fmedia&parent=38274"}],"wp:term":[{"taxonomy":"filtro","embeddable":true,"href":"https:\/\/alacip.org\/index.php?rest_route=%2Fwp%2Fv2%2Ffiltro&post=38274"},{"taxonomy":"anocongresso","embeddable":true,"href":"https:\/\/alacip.org\/index.php?rest_route=%2Fwp%2Fv2%2Fanocongresso&post=38274"},{"taxonomy":"conginstituicion","embeddable":true,"href":"https:\/\/alacip.org\/index.php?rest_route=%2Fwp%2Fv2%2Fconginstituicion&post=38274"},{"taxonomy":"areatema","embeddable":true,"href":"https:\/\/alacip.org\/index.php?rest_route=%2Fwp%2Fv2%2Fareatema&post=38274"}],"curies":[{"name":"wp","href":"https:\/\/api.w.org\/{rel}","templated":true}]}}

A cooperação Sul-Sul na política externa brasileira dos governos Lula da Silva e Dilma Rousseff

<p>O objetivo deste artigo é compreender a cooperação Sul-Sul na política externa brasileira nos governos Lula da Silva (2003-2010) e Dilma Rousseff (2011 – atual). Com a mudança na composição das elites políticas no núcleo do poder decisório brasileiro, iniciada no governo Lula da Silva,</p>



<!--more-->



<div style="text-align:center" class="wp-block-atomic-blocks-ab-button ab-block-button"><a href="https://alacip.org/cong15/int-mariano8cd.pdf" class="ab-button ab-button-shape-circular ab-button-size-medium" style="color:#ffffff;background-color:#3373dc">Descargar Archivo</a></div>



<p></p>
