{"id":38283,"date":"2020-10-02T11:47:45","date_gmt":"2020-10-02T14:47:45","guid":{"rendered":"https:\/\/alacip.org\/?post_type=todasponencias&#038;p=38283"},"modified":"2020-10-05T07:45:38","modified_gmt":"2020-10-05T10:45:38","slug":"el-cine-como-dispositivo-de-poder-institucion-de-significados","status":"publish","type":"todasponencias","link":"https:\/\/alacip.org\/?todasponencias=el-cine-como-dispositivo-de-poder-institucion-de-significados","title":{"rendered":"El cine como dispositivo de poder. Instituci\u00f3n de significados pol\u00edticos e identidades colectivas descentradas en Latinoam\u00e9rica: \u201cotras\u201d posibilidades de representar la pol\u00edtica."},"content":{"rendered":"\n<p>Siguiendo la definici\u00f3n que Deleuze (1999) trae de \u201cdispositivo\u201d podemos afirmar que el cine en tanto \u201cdispositivo de poder\u201d comporta cuatro l\u00edneas: de visibilidad, que se relacionan con la funci\u00f3n de hacer ver que se le asigna a los dispositivos; de enunciaci\u00f3n o funci\u00f3n de hacer hablar a trav\u00e9s de la producci\u00f3n de un r\u00e9gimen de enunciaci\u00f3n concreto;<\/p>\n\n\n\n<!--more-->\n\n\n\n<div style=\"text-align:center\" class=\"wp-block-atomic-blocks-ab-button ab-block-button\"><a href=\"https:\/\/alacip.org\/cong15\/mcp-boterro8cd.pdf\" class=\"ab-button ab-button-shape-circular ab-button-size-medium\" style=\"color:#ffffff;background-color:#3373dc\">Descargar Archivo<\/a><\/div>\n\n\n\n<p><\/p>\n","protected":false},"featured_media":0,"template":"","meta":{"_genesis_hide_title":false,"_genesis_hide_breadcrumbs":false,"_genesis_hide_singular_image":false,"_genesis_hide_footer_widgets":false,"_genesis_custom_body_class":"","_genesis_custom_post_class":"","_genesis_layout":""},"filtro":[109],"anocongresso":[778],"conginstituicion":[235],"areatema":[815],"class_list":{"0":"post-38283","1":"todasponencias","2":"type-todasponencias","3":"status-publish","5":"filtro-colombia","6":"anocongresso-778","7":"conginstituicion-uantioquia","8":"areatema-metodologia-en-ciencia-politica-2","9":"entry"},"_links":{"self":[{"href":"https:\/\/alacip.org\/index.php?rest_route=\/wp\/v2\/todasponencias\/38283","targetHints":{"allow":["GET"]}}],"collection":[{"href":"https:\/\/alacip.org\/index.php?rest_route=\/wp\/v2\/todasponencias"}],"about":[{"href":"https:\/\/alacip.org\/index.php?rest_route=\/wp\/v2\/types\/todasponencias"}],"wp:attachment":[{"href":"https:\/\/alacip.org\/index.php?rest_route=%2Fwp%2Fv2%2Fmedia&parent=38283"}],"wp:term":[{"taxonomy":"filtro","embeddable":true,"href":"https:\/\/alacip.org\/index.php?rest_route=%2Fwp%2Fv2%2Ffiltro&post=38283"},{"taxonomy":"anocongresso","embeddable":true,"href":"https:\/\/alacip.org\/index.php?rest_route=%2Fwp%2Fv2%2Fanocongresso&post=38283"},{"taxonomy":"conginstituicion","embeddable":true,"href":"https:\/\/alacip.org\/index.php?rest_route=%2Fwp%2Fv2%2Fconginstituicion&post=38283"},{"taxonomy":"areatema","embeddable":true,"href":"https:\/\/alacip.org\/index.php?rest_route=%2Fwp%2Fv2%2Fareatema&post=38283"}],"curies":[{"name":"wp","href":"https:\/\/api.w.org\/{rel}","templated":true}]}}

El cine como dispositivo de poder. Institución de significados políticos e identidades colectivas descentradas en Latinoamérica: “otras” posibilidades de representar la política.

<p>Siguiendo la definición que Deleuze (1999) trae de “dispositivo” podemos afirmar que el cine en tanto “dispositivo de poder” comporta cuatro líneas: de visibilidad, que se relacionan con la función de hacer ver que se le asigna a los dispositivos; de enunciación o función de hacer hablar a través de la producción de un régimen de enunciación concreto;</p>



<!--more-->



<div style="text-align:center" class="wp-block-atomic-blocks-ab-button ab-block-button"><a href="https://alacip.org/cong15/mcp-boterro8cd.pdf" class="ab-button ab-button-shape-circular ab-button-size-medium" style="color:#ffffff;background-color:#3373dc">Descargar Archivo</a></div>



<p></p>
