{"id":38284,"date":"2020-10-02T11:57:00","date_gmt":"2020-10-02T14:57:00","guid":{"rendered":"https:\/\/alacip.org\/?post_type=todasponencias&#038;p=38284"},"modified":"2020-10-05T07:45:25","modified_gmt":"2020-10-05T10:45:25","slug":"chinchilla-miranda-y-la-opinion-publica-sobre-las-mujeres","status":"publish","type":"todasponencias","link":"https:\/\/alacip.org\/?todasponencias=chinchilla-miranda-y-la-opinion-publica-sobre-las-mujeres","title":{"rendered":"Chinchilla Miranda y la opini\u00f3n p\u00fablica sobre las mujeres pol\u00edticas en Costa Rica: un caso de representaci\u00f3n femenina a nivel presidencial en Latinoam\u00e9rica"},"content":{"rendered":"\n<p>En la regi\u00f3n latinoamericana en las \u00faltimas d\u00e9cadas ha sido m\u00e1s frecuente la aparici\u00f3n de mujeres en la vida pol\u00edtica, llegando hasta ocupar la silla presidencial en varios de los pa\u00edses; para el caso costarricense las elecciones del 2010 llevaron a Laura Chinchilla Miranda a ocupar este cargo por primera vez en la historia del pa\u00eds; a partir de este hecho es relevante el an\u00e1lisis de la construcci\u00f3n de las percepciones de la poblaci\u00f3n costarricense sobre la posibilidad de que una mujer vuelva a ocupar este cargo.<\/p>\n\n\n\n<!--more-->\n\n\n\n<div style=\"text-align:center\" class=\"wp-block-atomic-blocks-ab-button ab-block-button\"><a href=\"https:\/\/alacip.org\/cong15\/oce-bastos8c.pdf\" class=\"ab-button ab-button-shape-circular ab-button-size-medium\" style=\"color:#ffffff;background-color:#3373dc\">Descargar Archivo<\/a><\/div>\n\n\n\n<p><\/p>\n","protected":false},"featured_media":0,"template":"","meta":{"_genesis_hide_title":false,"_genesis_hide_breadcrumbs":false,"_genesis_hide_singular_image":false,"_genesis_hide_footer_widgets":false,"_genesis_custom_body_class":"","_genesis_custom_post_class":"","_genesis_layout":""},"filtro":[134],"anocongresso":[778],"conginstituicion":[451],"areatema":[818],"class_list":{"0":"post-38284","1":"todasponencias","2":"type-todasponencias","3":"status-publish","5":"filtro-costa-rica","6":"anocongresso-778","7":"conginstituicion-unacostarica","8":"areatema-opinion-publica-y-comportamiento-electoral","9":"entry"},"_links":{"self":[{"href":"https:\/\/alacip.org\/index.php?rest_route=\/wp\/v2\/todasponencias\/38284","targetHints":{"allow":["GET"]}}],"collection":[{"href":"https:\/\/alacip.org\/index.php?rest_route=\/wp\/v2\/todasponencias"}],"about":[{"href":"https:\/\/alacip.org\/index.php?rest_route=\/wp\/v2\/types\/todasponencias"}],"wp:attachment":[{"href":"https:\/\/alacip.org\/index.php?rest_route=%2Fwp%2Fv2%2Fmedia&parent=38284"}],"wp:term":[{"taxonomy":"filtro","embeddable":true,"href":"https:\/\/alacip.org\/index.php?rest_route=%2Fwp%2Fv2%2Ffiltro&post=38284"},{"taxonomy":"anocongresso","embeddable":true,"href":"https:\/\/alacip.org\/index.php?rest_route=%2Fwp%2Fv2%2Fanocongresso&post=38284"},{"taxonomy":"conginstituicion","embeddable":true,"href":"https:\/\/alacip.org\/index.php?rest_route=%2Fwp%2Fv2%2Fconginstituicion&post=38284"},{"taxonomy":"areatema","embeddable":true,"href":"https:\/\/alacip.org\/index.php?rest_route=%2Fwp%2Fv2%2Fareatema&post=38284"}],"curies":[{"name":"wp","href":"https:\/\/api.w.org\/{rel}","templated":true}]}}

Chinchilla Miranda y la opinión pública sobre las mujeres políticas en Costa Rica: un caso de representación femenina a nivel presidencial en Latinoamérica

<p>En la región latinoamericana en las últimas décadas ha sido más frecuente la aparición de mujeres en la vida política, llegando hasta ocupar la silla presidencial en varios de los países; para el caso costarricense las elecciones del 2010 llevaron a Laura Chinchilla Miranda a ocupar este cargo por primera vez en la historia del país; a partir de este hecho es relevante el análisis de la construcción de las percepciones de la población costarricense sobre la posibilidad de que una mujer vuelva a ocupar este cargo.</p>



<!--more-->



<div style="text-align:center" class="wp-block-atomic-blocks-ab-button ab-block-button"><a href="https://alacip.org/cong15/oce-bastos8c.pdf" class="ab-button ab-button-shape-circular ab-button-size-medium" style="color:#ffffff;background-color:#3373dc">Descargar Archivo</a></div>



<p></p>
