{"id":38290,"date":"2020-10-02T12:25:24","date_gmt":"2020-10-02T15:25:24","guid":{"rendered":"https:\/\/alacip.org\/?post_type=todasponencias&#038;p=38290"},"modified":"2020-10-02T12:25:25","modified_gmt":"2020-10-02T15:25:25","slug":"elecciones-distritales-en-el-peru-una-mirada-al-voto-economico-subnacional","status":"publish","type":"todasponencias","link":"https:\/\/alacip.org\/?todasponencias=elecciones-distritales-en-el-peru-una-mirada-al-voto-economico-subnacional","title":{"rendered":"Elecciones distritales en el Per\u00fa: una mirada al voto econ\u00f3mico subnacional"},"content":{"rendered":"\n<p>El voto econ\u00f3mico es un fen\u00f3meno poco explorado a nivel subnacional en el Per\u00fa. A pesar de la descentralizaci\u00f3n y la presunci\u00f3n de que \u00e9sta llevar\u00eda a mayores niveles de accountability electoral, pocos estudios vinculan las preferencias de los votantes con el desempe\u00f1o del incumbente en el gobierno.<\/p>\n\n\n\n<!--more-->\n\n\n\n<div style=\"text-align:center\" class=\"wp-block-atomic-blocks-ab-button ab-block-button\"><a href=\"https:\/\/alacip.org\/cong15\/oce-becerra8c.pdf\" class=\"ab-button ab-button-shape-circular ab-button-size-medium\" style=\"color:#ffffff;background-color:#3373dc\">Descargar Archivo<\/a><\/div>\n\n\n\n<p><\/p>\n","protected":false},"featured_media":0,"template":"","meta":{"_genesis_hide_title":false,"_genesis_hide_breadcrumbs":false,"_genesis_hide_singular_image":false,"_genesis_hide_footer_widgets":false,"_genesis_custom_body_class":"","_genesis_custom_post_class":"","_genesis_layout":""},"filtro":[108],"anocongresso":[778],"conginstituicion":[743],"areatema":[818],"class_list":{"0":"post-38290","1":"todasponencias","2":"type-todasponencias","3":"status-publish","5":"filtro-peru","6":"anocongresso-778","7":"conginstituicion-pontificia-universidad-catolica-del-peru","8":"areatema-opinion-publica-y-comportamiento-electoral","9":"entry"},"_links":{"self":[{"href":"https:\/\/alacip.org\/index.php?rest_route=\/wp\/v2\/todasponencias\/38290","targetHints":{"allow":["GET"]}}],"collection":[{"href":"https:\/\/alacip.org\/index.php?rest_route=\/wp\/v2\/todasponencias"}],"about":[{"href":"https:\/\/alacip.org\/index.php?rest_route=\/wp\/v2\/types\/todasponencias"}],"wp:attachment":[{"href":"https:\/\/alacip.org\/index.php?rest_route=%2Fwp%2Fv2%2Fmedia&parent=38290"}],"wp:term":[{"taxonomy":"filtro","embeddable":true,"href":"https:\/\/alacip.org\/index.php?rest_route=%2Fwp%2Fv2%2Ffiltro&post=38290"},{"taxonomy":"anocongresso","embeddable":true,"href":"https:\/\/alacip.org\/index.php?rest_route=%2Fwp%2Fv2%2Fanocongresso&post=38290"},{"taxonomy":"conginstituicion","embeddable":true,"href":"https:\/\/alacip.org\/index.php?rest_route=%2Fwp%2Fv2%2Fconginstituicion&post=38290"},{"taxonomy":"areatema","embeddable":true,"href":"https:\/\/alacip.org\/index.php?rest_route=%2Fwp%2Fv2%2Fareatema&post=38290"}],"curies":[{"name":"wp","href":"https:\/\/api.w.org\/{rel}","templated":true}]}}

Elecciones distritales en el Perú: una mirada al voto económico subnacional

<p>El voto económico es un fenómeno poco explorado a nivel subnacional en el Perú. A pesar de la descentralización y la presunción de que ésta llevaría a mayores niveles de accountability electoral, pocos estudios vinculan las preferencias de los votantes con el desempeño del incumbente en el gobierno.</p>



<!--more-->



<div style="text-align:center" class="wp-block-atomic-blocks-ab-button ab-block-button"><a href="https://alacip.org/cong15/oce-becerra8c.pdf" class="ab-button ab-button-shape-circular ab-button-size-medium" style="color:#ffffff;background-color:#3373dc">Descargar Archivo</a></div>



<p></p>
