{"id":38293,"date":"2020-10-02T12:42:44","date_gmt":"2020-10-02T15:42:44","guid":{"rendered":"https:\/\/alacip.org\/?post_type=todasponencias&#038;p=38293"},"modified":"2020-10-05T07:44:39","modified_gmt":"2020-10-05T10:44:39","slug":"inter-y-transdisciplinariedad-en-la-ensenanza-el-aprendizaje","status":"publish","type":"todasponencias","link":"https:\/\/alacip.org\/?todasponencias=inter-y-transdisciplinariedad-en-la-ensenanza-el-aprendizaje","title":{"rendered":"Construcci\u00f3n de subjetividades pol\u00edticas y (des)identidades sexo-gen\u00e9ricas. La participaci\u00f3n pol\u00edtica  desde la diversidad en la ciudad de Medell\u00edn-Colombia"},"content":{"rendered":"\n<p>Los derechos sociales, pol\u00edticos, econ\u00f3micos y culturales de los sujetos con orientaciones sexuales, identidades y expresiones de g\u00e9nero diferentes a los definidos por la heteronormatividad imperante se han visto a lo largo de la historia fuertemente vulnerados y en constante tensi\u00f3n con procesos de construcci\u00f3n, enunciaci\u00f3n y significaci\u00f3n que<\/p>\n\n\n\n<!--more-->\n\n\n\n<div style=\"text-align:center\" class=\"wp-block-atomic-blocks-ab-button ab-block-button\"><a href=\"https:\/\/alacip.org\/cong15\/mcp-betancur8cd.pdf\" class=\"ab-button ab-button-shape-circular ab-button-size-medium\" style=\"color:#ffffff;background-color:#3373dc\">Descargar Archivo<\/a><\/div>\n\n\n\n<p><\/p>\n","protected":false},"featured_media":0,"template":"","meta":{"_genesis_hide_title":false,"_genesis_hide_breadcrumbs":false,"_genesis_hide_singular_image":false,"_genesis_hide_footer_widgets":false,"_genesis_custom_body_class":"","_genesis_custom_post_class":"","_genesis_layout":""},"filtro":[109],"anocongresso":[778],"conginstituicion":[235],"areatema":[815],"class_list":{"0":"post-38293","1":"todasponencias","2":"type-todasponencias","3":"status-publish","5":"filtro-colombia","6":"anocongresso-778","7":"conginstituicion-uantioquia","8":"areatema-metodologia-en-ciencia-politica-2","9":"entry"},"_links":{"self":[{"href":"https:\/\/alacip.org\/index.php?rest_route=\/wp\/v2\/todasponencias\/38293","targetHints":{"allow":["GET"]}}],"collection":[{"href":"https:\/\/alacip.org\/index.php?rest_route=\/wp\/v2\/todasponencias"}],"about":[{"href":"https:\/\/alacip.org\/index.php?rest_route=\/wp\/v2\/types\/todasponencias"}],"wp:attachment":[{"href":"https:\/\/alacip.org\/index.php?rest_route=%2Fwp%2Fv2%2Fmedia&parent=38293"}],"wp:term":[{"taxonomy":"filtro","embeddable":true,"href":"https:\/\/alacip.org\/index.php?rest_route=%2Fwp%2Fv2%2Ffiltro&post=38293"},{"taxonomy":"anocongresso","embeddable":true,"href":"https:\/\/alacip.org\/index.php?rest_route=%2Fwp%2Fv2%2Fanocongresso&post=38293"},{"taxonomy":"conginstituicion","embeddable":true,"href":"https:\/\/alacip.org\/index.php?rest_route=%2Fwp%2Fv2%2Fconginstituicion&post=38293"},{"taxonomy":"areatema","embeddable":true,"href":"https:\/\/alacip.org\/index.php?rest_route=%2Fwp%2Fv2%2Fareatema&post=38293"}],"curies":[{"name":"wp","href":"https:\/\/api.w.org\/{rel}","templated":true}]}}

Construcción de subjetividades políticas y (des)identidades sexo-genéricas. La participación política  desde la diversidad en la ciudad de Medellín-Colombia

<p>Los derechos sociales, políticos, económicos y culturales de los sujetos con orientaciones sexuales, identidades y expresiones de género diferentes a los definidos por la heteronormatividad imperante se han visto a lo largo de la historia fuertemente vulnerados y en constante tensión con procesos de construcción, enunciación y significación que</p>



<!--more-->



<div style="text-align:center" class="wp-block-atomic-blocks-ab-button ab-block-button"><a href="https://alacip.org/cong15/mcp-betancur8cd.pdf" class="ab-button ab-button-shape-circular ab-button-size-medium" style="color:#ffffff;background-color:#3373dc">Descargar Archivo</a></div>



<p></p>
