{"id":38297,"date":"2020-10-02T13:08:25","date_gmt":"2020-10-02T16:08:25","guid":{"rendered":"https:\/\/alacip.org\/?post_type=todasponencias&#038;p=38297"},"modified":"2020-10-02T13:08:26","modified_gmt":"2020-10-02T16:08:26","slug":"juventude-e-democracia-percepcao-dos-jovens-de-sao-paulo-sp","status":"publish","type":"todasponencias","link":"https:\/\/alacip.org\/?todasponencias=juventude-e-democracia-percepcao-dos-jovens-de-sao-paulo-sp","title":{"rendered":"Juventude e democracia: percep\u00e7\u00e3o dos jovens de S\u00e3o Paulo \u2013 SP"},"content":{"rendered":"\n<p>S\u00e3o Paulo \u00e9 a maior cidade da Am\u00e9rica Latina com cerca de 11,5 milh\u00f5es de<br>habitantes e palco de desigualdades expressivas no campo social e econ\u00f4mico. Ao longo principalmente de 2013, a cidade assistiu manifesta\u00e7\u00f5es das mais diferentes contra uma s\u00e9rie de quest\u00f5es associadas \u00e0s institui\u00e7\u00f5es pol\u00edticas nacionais, estaduais e municipais.<\/p>\n\n\n\n<!--more-->\n\n\n\n<div style=\"text-align:center\" class=\"wp-block-atomic-blocks-ab-button ab-block-button\"><a href=\"https:\/\/alacip.org\/cong15\/oce-dantas8c.pdf\" class=\"ab-button ab-button-shape-circular ab-button-size-medium\" style=\"color:#ffffff;background-color:#3373dc\">Descargar Archivo<\/a><\/div>\n\n\n\n<p><\/p>\n","protected":false},"featured_media":0,"template":"","meta":{"_genesis_hide_title":false,"_genesis_hide_breadcrumbs":false,"_genesis_hide_singular_image":false,"_genesis_hide_footer_widgets":false,"_genesis_custom_body_class":"","_genesis_custom_post_class":"","_genesis_layout":""},"filtro":[102],"anocongresso":[778],"conginstituicion":[628],"areatema":[818],"class_list":{"0":"post-38297","1":"todasponencias","2":"type-todasponencias","3":"status-publish","5":"filtro-brasil","6":"anocongresso-778","7":"conginstituicion-fundacao-escola-de-sociologia-e-politica-de-sao-paulo-fespsp","8":"areatema-opinion-publica-y-comportamiento-electoral","9":"entry"},"_links":{"self":[{"href":"https:\/\/alacip.org\/index.php?rest_route=\/wp\/v2\/todasponencias\/38297","targetHints":{"allow":["GET"]}}],"collection":[{"href":"https:\/\/alacip.org\/index.php?rest_route=\/wp\/v2\/todasponencias"}],"about":[{"href":"https:\/\/alacip.org\/index.php?rest_route=\/wp\/v2\/types\/todasponencias"}],"wp:attachment":[{"href":"https:\/\/alacip.org\/index.php?rest_route=%2Fwp%2Fv2%2Fmedia&parent=38297"}],"wp:term":[{"taxonomy":"filtro","embeddable":true,"href":"https:\/\/alacip.org\/index.php?rest_route=%2Fwp%2Fv2%2Ffiltro&post=38297"},{"taxonomy":"anocongresso","embeddable":true,"href":"https:\/\/alacip.org\/index.php?rest_route=%2Fwp%2Fv2%2Fanocongresso&post=38297"},{"taxonomy":"conginstituicion","embeddable":true,"href":"https:\/\/alacip.org\/index.php?rest_route=%2Fwp%2Fv2%2Fconginstituicion&post=38297"},{"taxonomy":"areatema","embeddable":true,"href":"https:\/\/alacip.org\/index.php?rest_route=%2Fwp%2Fv2%2Fareatema&post=38297"}],"curies":[{"name":"wp","href":"https:\/\/api.w.org\/{rel}","templated":true}]}}

Juventude e democracia: percepção dos jovens de São Paulo – SP

<p>São Paulo é a maior cidade da América Latina com cerca de 11,5 milhões de<br>habitantes e palco de desigualdades expressivas no campo social e econômico. Ao longo principalmente de 2013, a cidade assistiu manifestações das mais diferentes contra uma série de questões associadas às instituições políticas nacionais, estaduais e municipais.</p>



<!--more-->



<div style="text-align:center" class="wp-block-atomic-blocks-ab-button ab-block-button"><a href="https://alacip.org/cong15/oce-dantas8c.pdf" class="ab-button ab-button-shape-circular ab-button-size-medium" style="color:#ffffff;background-color:#3373dc">Descargar Archivo</a></div>



<p></p>
