{"id":38322,"date":"2020-10-02T15:17:36","date_gmt":"2020-10-02T18:17:36","guid":{"rendered":"https:\/\/alacip.org\/?post_type=todasponencias&#038;p=38322"},"modified":"2020-10-05T07:42:21","modified_gmt":"2020-10-05T10:42:21","slug":"el-proceso-de-reeleccion-presidencial-en-colombia-un","status":"publish","type":"todasponencias","link":"https:\/\/alacip.org\/?todasponencias=el-proceso-de-reeleccion-presidencial-en-colombia-un","title":{"rendered":"El proceso de reelecci\u00f3n presidencial en Colombia: Un an\u00e1lisis comparado entre los discursos imperantes en las campa\u00f1as reeleccionistas y c\u00f3mo estos influyeron en el nivel de participaci\u00f3n electoral en la reelecci\u00f3n de \u00c1lvaro Uribe V\u00e9lez y Juan Manuel Santos Calder\u00f3n"},"content":{"rendered":"\n<p>La reelecci\u00f3n presidencial en Colombia de manera inmediata aprobada en 2004 por medio del Acto legislativo 02 y declarada exequible por la corte constitucional el 19 de octubre de 2005.<\/p>\n\n\n\n<!--more-->\n\n\n\n<div style=\"text-align:center\" class=\"wp-block-atomic-blocks-ab-button ab-block-button\"><a href=\"https:\/\/alacip.org\/cong15\/oce-hernadez8c.pdf\" class=\"ab-button ab-button-shape-circular ab-button-size-medium\" style=\"color:#ffffff;background-color:#3373dc\">Descargar Archivo<\/a><\/div>\n\n\n\n<p><\/p>\n","protected":false},"featured_media":0,"template":"","meta":{"_genesis_hide_title":false,"_genesis_hide_breadcrumbs":false,"_genesis_hide_singular_image":false,"_genesis_hide_footer_widgets":false,"_genesis_custom_body_class":"","_genesis_custom_post_class":"","_genesis_layout":""},"filtro":[142],"anocongresso":[778],"conginstituicion":[153],"areatema":[818],"class_list":{"0":"post-38322","1":"todasponencias","2":"type-todasponencias","3":"status-publish","5":"filtro-sem-pais","6":"anocongresso-778","7":"conginstituicion-s","8":"areatema-opinion-publica-y-comportamiento-electoral","9":"entry"},"_links":{"self":[{"href":"https:\/\/alacip.org\/index.php?rest_route=\/wp\/v2\/todasponencias\/38322","targetHints":{"allow":["GET"]}}],"collection":[{"href":"https:\/\/alacip.org\/index.php?rest_route=\/wp\/v2\/todasponencias"}],"about":[{"href":"https:\/\/alacip.org\/index.php?rest_route=\/wp\/v2\/types\/todasponencias"}],"wp:attachment":[{"href":"https:\/\/alacip.org\/index.php?rest_route=%2Fwp%2Fv2%2Fmedia&parent=38322"}],"wp:term":[{"taxonomy":"filtro","embeddable":true,"href":"https:\/\/alacip.org\/index.php?rest_route=%2Fwp%2Fv2%2Ffiltro&post=38322"},{"taxonomy":"anocongresso","embeddable":true,"href":"https:\/\/alacip.org\/index.php?rest_route=%2Fwp%2Fv2%2Fanocongresso&post=38322"},{"taxonomy":"conginstituicion","embeddable":true,"href":"https:\/\/alacip.org\/index.php?rest_route=%2Fwp%2Fv2%2Fconginstituicion&post=38322"},{"taxonomy":"areatema","embeddable":true,"href":"https:\/\/alacip.org\/index.php?rest_route=%2Fwp%2Fv2%2Fareatema&post=38322"}],"curies":[{"name":"wp","href":"https:\/\/api.w.org\/{rel}","templated":true}]}}

El proceso de reelección presidencial en Colombia: Un análisis comparado entre los discursos imperantes en las campañas reeleccionistas y cómo estos influyeron en el nivel de participación electoral en la reelección de Álvaro Uribe Vélez y Juan Manuel Santos Calderón

<p>La reelección presidencial en Colombia de manera inmediata aprobada en 2004 por medio del Acto legislativo 02 y declarada exequible por la corte constitucional el 19 de octubre de 2005.</p>



<!--more-->



<div style="text-align:center" class="wp-block-atomic-blocks-ab-button ab-block-button"><a href="https://alacip.org/cong15/oce-hernadez8c.pdf" class="ab-button ab-button-shape-circular ab-button-size-medium" style="color:#ffffff;background-color:#3373dc">Descargar Archivo</a></div>



<p></p>
