{"id":38336,"date":"2020-10-02T16:59:06","date_gmt":"2020-10-02T19:59:06","guid":{"rendered":"https:\/\/alacip.org\/?post_type=todasponencias&#038;p=38336"},"modified":"2020-10-05T07:38:29","modified_gmt":"2020-10-05T10:38:29","slug":"para-onde-ir-a-trajetoria-eleitoral-dos-prefeitos-das-capitais","status":"publish","type":"todasponencias","link":"https:\/\/alacip.org\/?todasponencias=para-onde-ir-a-trajetoria-eleitoral-dos-prefeitos-das-capitais","title":{"rendered":"Para onde ir? A Trajet\u00f3ria eleitoral dos prefeitos das capitais estaduais brasileiras (1996-2014)"},"content":{"rendered":"\n<p>Analisa a trajet\u00f3ria eleitoral percorrida pelos prefeitos das26 capitais estaduais brasileiras eleitos no per\u00edodo 1996-2008ap\u00f3s chegarem ao cargo. No total, o universo da pesquisa \u00e9 formado por 104mandatos de prefeito, ocupados por 68indiv\u00edduos, quatrodisputas de \u00e2mbito municipal nas quais eles puderam concorrer \u00e0 reelei\u00e7\u00e3o imediata (2000, 2004, 2008 e 2012) e outras cinco de \u00e2mbito estadual e nacional (1998, 2002, 2006, 2010 e 2014)<\/p>\n\n\n\n<!--more-->\n\n\n\n<div style=\"text-align:center\" class=\"wp-block-atomic-blocks-ab-button ab-block-button\"><a href=\"https:\/\/alacip.org\/cong15\/pco-barreto8c.pdf\" class=\"ab-button ab-button-shape-circular ab-button-size-medium\" style=\"color:#ffffff;background-color:#3373dc\">Descargar Archivo<\/a><\/div>\n\n\n\n<p><\/p>\n","protected":false},"featured_media":0,"template":"","meta":{"_genesis_hide_title":false,"_genesis_hide_breadcrumbs":false,"_genesis_hide_singular_image":false,"_genesis_hide_footer_widgets":false,"_genesis_custom_body_class":"","_genesis_custom_post_class":"","_genesis_layout":""},"filtro":[102],"anocongresso":[778],"conginstituicion":[340],"areatema":[391],"class_list":{"0":"post-38336","1":"todasponencias","2":"type-todasponencias","3":"status-publish","5":"filtro-brasil","6":"anocongresso-778","7":"conginstituicion-pelotas-ufpel","8":"areatema-politica-comparada","9":"entry"},"_links":{"self":[{"href":"https:\/\/alacip.org\/index.php?rest_route=\/wp\/v2\/todasponencias\/38336","targetHints":{"allow":["GET"]}}],"collection":[{"href":"https:\/\/alacip.org\/index.php?rest_route=\/wp\/v2\/todasponencias"}],"about":[{"href":"https:\/\/alacip.org\/index.php?rest_route=\/wp\/v2\/types\/todasponencias"}],"wp:attachment":[{"href":"https:\/\/alacip.org\/index.php?rest_route=%2Fwp%2Fv2%2Fmedia&parent=38336"}],"wp:term":[{"taxonomy":"filtro","embeddable":true,"href":"https:\/\/alacip.org\/index.php?rest_route=%2Fwp%2Fv2%2Ffiltro&post=38336"},{"taxonomy":"anocongresso","embeddable":true,"href":"https:\/\/alacip.org\/index.php?rest_route=%2Fwp%2Fv2%2Fanocongresso&post=38336"},{"taxonomy":"conginstituicion","embeddable":true,"href":"https:\/\/alacip.org\/index.php?rest_route=%2Fwp%2Fv2%2Fconginstituicion&post=38336"},{"taxonomy":"areatema","embeddable":true,"href":"https:\/\/alacip.org\/index.php?rest_route=%2Fwp%2Fv2%2Fareatema&post=38336"}],"curies":[{"name":"wp","href":"https:\/\/api.w.org\/{rel}","templated":true}]}}

Para onde ir? A Trajetória eleitoral dos prefeitos das capitais estaduais brasileiras (1996-2014)

<p>Analisa a trajetória eleitoral percorrida pelos prefeitos das26 capitais estaduais brasileiras eleitos no período 1996-2008após chegarem ao cargo. No total, o universo da pesquisa é formado por 104mandatos de prefeito, ocupados por 68indivíduos, quatrodisputas de âmbito municipal nas quais eles puderam concorrer à reeleição imediata (2000, 2004, 2008 e 2012) e outras cinco de âmbito estadual e nacional (1998, 2002, 2006, 2010 e 2014)</p>



<!--more-->



<div style="text-align:center" class="wp-block-atomic-blocks-ab-button ab-block-button"><a href="https://alacip.org/cong15/pco-barreto8c.pdf" class="ab-button ab-button-shape-circular ab-button-size-medium" style="color:#ffffff;background-color:#3373dc">Descargar Archivo</a></div>



<p></p>
