{"id":38352,"date":"2020-10-02T18:54:27","date_gmt":"2020-10-02T21:54:27","guid":{"rendered":"https:\/\/alacip.org\/?post_type=todasponencias&#038;p=38352"},"modified":"2020-10-05T07:35:52","modified_gmt":"2020-10-05T10:35:52","slug":"los-encuadres-sobre-el-modelo-economico-en-los-diarios","status":"publish","type":"todasponencias","link":"https:\/\/alacip.org\/?todasponencias=los-encuadres-sobre-el-modelo-economico-en-los-diarios","title":{"rendered":"Los encuadres sobre el modelo econ\u00f3mico en los diarios El Comercio y La Rep\u00fablica durante las campa\u00f1as electorales peruanas (1985-2011)"},"content":{"rendered":"\n<p>Este trabajo describe y analiza los contenidos period\u00edsticos que realizaron sobre el modelo econ\u00f3mico dos de los principales peri\u00f3dicos peruanos de circulaci\u00f3n nacional, El Comercio y La Rep\u00fablica, durante las campa\u00f1as electorales realizadas en el periodo de 1985 al 2011.<\/p>\n\n\n\n<!--more-->\n\n\n\n<div style=\"text-align:center\" class=\"wp-block-atomic-blocks-ab-button ab-block-button\"><a href=\"https:\/\/alacip.org\/cong15\/oce-richter8c.pdf\" class=\"ab-button ab-button-shape-circular ab-button-size-medium\" style=\"color:#ffffff;background-color:#3373dc\">Descargar Archivo<\/a><\/div>\n\n\n\n<p><\/p>\n","protected":false},"featured_media":0,"template":"","meta":{"_genesis_hide_title":false,"_genesis_hide_breadcrumbs":false,"_genesis_hide_singular_image":false,"_genesis_hide_footer_widgets":false,"_genesis_custom_body_class":"","_genesis_custom_post_class":"","_genesis_layout":""},"filtro":[116],"anocongresso":[778],"conginstituicion":[431],"areatema":[818],"class_list":{"0":"post-38352","1":"todasponencias","2":"type-todasponencias","3":"status-publish","5":"filtro-espana","6":"anocongresso-778","7":"conginstituicion-universidad-de-salamanca","8":"areatema-opinion-publica-y-comportamiento-electoral","9":"entry"},"_links":{"self":[{"href":"https:\/\/alacip.org\/index.php?rest_route=\/wp\/v2\/todasponencias\/38352","targetHints":{"allow":["GET"]}}],"collection":[{"href":"https:\/\/alacip.org\/index.php?rest_route=\/wp\/v2\/todasponencias"}],"about":[{"href":"https:\/\/alacip.org\/index.php?rest_route=\/wp\/v2\/types\/todasponencias"}],"wp:attachment":[{"href":"https:\/\/alacip.org\/index.php?rest_route=%2Fwp%2Fv2%2Fmedia&parent=38352"}],"wp:term":[{"taxonomy":"filtro","embeddable":true,"href":"https:\/\/alacip.org\/index.php?rest_route=%2Fwp%2Fv2%2Ffiltro&post=38352"},{"taxonomy":"anocongresso","embeddable":true,"href":"https:\/\/alacip.org\/index.php?rest_route=%2Fwp%2Fv2%2Fanocongresso&post=38352"},{"taxonomy":"conginstituicion","embeddable":true,"href":"https:\/\/alacip.org\/index.php?rest_route=%2Fwp%2Fv2%2Fconginstituicion&post=38352"},{"taxonomy":"areatema","embeddable":true,"href":"https:\/\/alacip.org\/index.php?rest_route=%2Fwp%2Fv2%2Fareatema&post=38352"}],"curies":[{"name":"wp","href":"https:\/\/api.w.org\/{rel}","templated":true}]}}

Los encuadres sobre el modelo económico en los diarios El Comercio y La República durante las campañas electorales peruanas (1985-2011)

<p>Este trabajo describe y analiza los contenidos periodísticos que realizaron sobre el modelo económico dos de los principales periódicos peruanos de circulación nacional, El Comercio y La República, durante las campañas electorales realizadas en el periodo de 1985 al 2011.</p>



<!--more-->



<div style="text-align:center" class="wp-block-atomic-blocks-ab-button ab-block-button"><a href="https://alacip.org/cong15/oce-richter8c.pdf" class="ab-button ab-button-shape-circular ab-button-size-medium" style="color:#ffffff;background-color:#3373dc">Descargar Archivo</a></div>



<p></p>
