{"id":38355,"date":"2020-10-02T19:06:31","date_gmt":"2020-10-02T22:06:31","guid":{"rendered":"https:\/\/alacip.org\/?post_type=todasponencias&#038;p=38355"},"modified":"2020-10-02T19:06:33","modified_gmt":"2020-10-02T22:06:33","slug":"factores-explicativos-y-dimensiones-de-la-estabilidad-politica","status":"publish","type":"todasponencias","link":"https:\/\/alacip.org\/?todasponencias=factores-explicativos-y-dimensiones-de-la-estabilidad-politica","title":{"rendered":"Factores explicativos y dimensiones de la estabilidad pol\u00edtica"},"content":{"rendered":"\n<p>El 17 de octubre de 2003, Gonzalo S\u00e1nchez de Lozada, quien un a\u00f1o y medio antes hab\u00eda sido electo democr\u00e1ticamente como presidente de Bolivia, renunci\u00f3 a su cargo y huy\u00f3 del pa\u00eds en medio de violentos enfrentamientos entre las fuerzas del orden y grupos movilizados, que ocasionaron la muerte de decenas de personas.<\/p>\n\n\n\n<!--more-->\n\n\n\n<div style=\"text-align:center\" class=\"wp-block-atomic-blocks-ab-button ab-block-button\"><a href=\"https:\/\/alacip.org\/cong15\/oce-teran8c.pdf\" class=\"ab-button ab-button-shape-circular ab-button-size-medium\" style=\"color:#ffffff;background-color:#3373dc\">Descargar Archivo<\/a><\/div>\n\n\n\n<p><\/p>\n","protected":false},"featured_media":0,"template":"","meta":{"_genesis_hide_title":false,"_genesis_hide_breadcrumbs":false,"_genesis_hide_singular_image":false,"_genesis_hide_footer_widgets":false,"_genesis_custom_body_class":"","_genesis_custom_post_class":"","_genesis_layout":""},"filtro":[115],"anocongresso":[778],"conginstituicion":[276],"areatema":[818],"class_list":{"0":"post-38355","1":"todasponencias","2":"type-todasponencias","3":"status-publish","5":"filtro-mexico","6":"anocongresso-778","7":"conginstituicion-flsc-flacso","8":"areatema-opinion-publica-y-comportamiento-electoral","9":"entry"},"_links":{"self":[{"href":"https:\/\/alacip.org\/index.php?rest_route=\/wp\/v2\/todasponencias\/38355","targetHints":{"allow":["GET"]}}],"collection":[{"href":"https:\/\/alacip.org\/index.php?rest_route=\/wp\/v2\/todasponencias"}],"about":[{"href":"https:\/\/alacip.org\/index.php?rest_route=\/wp\/v2\/types\/todasponencias"}],"wp:attachment":[{"href":"https:\/\/alacip.org\/index.php?rest_route=%2Fwp%2Fv2%2Fmedia&parent=38355"}],"wp:term":[{"taxonomy":"filtro","embeddable":true,"href":"https:\/\/alacip.org\/index.php?rest_route=%2Fwp%2Fv2%2Ffiltro&post=38355"},{"taxonomy":"anocongresso","embeddable":true,"href":"https:\/\/alacip.org\/index.php?rest_route=%2Fwp%2Fv2%2Fanocongresso&post=38355"},{"taxonomy":"conginstituicion","embeddable":true,"href":"https:\/\/alacip.org\/index.php?rest_route=%2Fwp%2Fv2%2Fconginstituicion&post=38355"},{"taxonomy":"areatema","embeddable":true,"href":"https:\/\/alacip.org\/index.php?rest_route=%2Fwp%2Fv2%2Fareatema&post=38355"}],"curies":[{"name":"wp","href":"https:\/\/api.w.org\/{rel}","templated":true}]}}

Factores explicativos y dimensiones de la estabilidad política

<p>El 17 de octubre de 2003, Gonzalo Sánchez de Lozada, quien un año y medio antes había sido electo democráticamente como presidente de Bolivia, renunció a su cargo y huyó del país en medio de violentos enfrentamientos entre las fuerzas del orden y grupos movilizados, que ocasionaron la muerte de decenas de personas.</p>



<!--more-->



<div style="text-align:center" class="wp-block-atomic-blocks-ab-button ab-block-button"><a href="https://alacip.org/cong15/oce-teran8c.pdf" class="ab-button ab-button-shape-circular ab-button-size-medium" style="color:#ffffff;background-color:#3373dc">Descargar Archivo</a></div>



<p></p>
