{"id":38356,"date":"2020-10-02T19:13:49","date_gmt":"2020-10-02T22:13:49","guid":{"rendered":"https:\/\/alacip.org\/?post_type=todasponencias&#038;p=38356"},"modified":"2020-10-05T07:34:41","modified_gmt":"2020-10-05T10:34:41","slug":"representacion-sustantiva-en-america-latina-un-estudio","status":"publish","type":"todasponencias","link":"https:\/\/alacip.org\/?todasponencias=representacion-sustantiva-en-america-latina-un-estudio","title":{"rendered":"Representaci\u00f3n Sustantiva en Am\u00e9rica Latina: un estudio de la congruencia ideol\u00f3gica entre simpatizantes y partidos entre 2008 y 2012"},"content":{"rendered":"\n<p>El estudio de la representaci\u00f3n sustantiva en Am\u00e9rica Latina ha tenido un auge reciente en la regi\u00f3n (Do\u0161ek &amp; Trak, 2012; Espa\u00f1a-Najera &amp; Martinez-Roson, 2010, 2012; Fern\u00e1ndez, Coelho, &amp; Abad, 2014; Luna, 2007; Luna &amp; Zechmeister, 2005, 2010; Morales, 2014; Otero-Felipe &amp; Rodriguez-Zepeda, 2010; Rivas, Otero Felipe, &amp; Mateos, 2014; Siavelis, 2009; Trak, 2015).<\/p>\n\n\n\n<!--more-->\n\n\n\n<div style=\"text-align:center\" class=\"wp-block-atomic-blocks-ab-button ab-block-button\"><a href=\"https:\/\/alacip.org\/cong15\/oce-trak8c.pdf\" class=\"ab-button ab-button-shape-circular ab-button-size-medium\" style=\"color:#ffffff;background-color:#3373dc\">Descargar Archivo<\/a><\/div>\n\n\n\n<p><\/p>\n","protected":false},"featured_media":0,"template":"","meta":{"_genesis_hide_title":false,"_genesis_hide_breadcrumbs":false,"_genesis_hide_singular_image":false,"_genesis_hide_footer_widgets":false,"_genesis_custom_body_class":"","_genesis_custom_post_class":"","_genesis_layout":""},"filtro":[111],"anocongresso":[778],"conginstituicion":[820],"areatema":[818],"class_list":{"0":"post-38356","1":"todasponencias","2":"type-todasponencias","3":"status-publish","5":"filtro-venezuela","6":"anocongresso-778","7":"conginstituicion-universidad-catolica-andres-bello-ucab","8":"areatema-opinion-publica-y-comportamiento-electoral","9":"entry"},"_links":{"self":[{"href":"https:\/\/alacip.org\/index.php?rest_route=\/wp\/v2\/todasponencias\/38356","targetHints":{"allow":["GET"]}}],"collection":[{"href":"https:\/\/alacip.org\/index.php?rest_route=\/wp\/v2\/todasponencias"}],"about":[{"href":"https:\/\/alacip.org\/index.php?rest_route=\/wp\/v2\/types\/todasponencias"}],"wp:attachment":[{"href":"https:\/\/alacip.org\/index.php?rest_route=%2Fwp%2Fv2%2Fmedia&parent=38356"}],"wp:term":[{"taxonomy":"filtro","embeddable":true,"href":"https:\/\/alacip.org\/index.php?rest_route=%2Fwp%2Fv2%2Ffiltro&post=38356"},{"taxonomy":"anocongresso","embeddable":true,"href":"https:\/\/alacip.org\/index.php?rest_route=%2Fwp%2Fv2%2Fanocongresso&post=38356"},{"taxonomy":"conginstituicion","embeddable":true,"href":"https:\/\/alacip.org\/index.php?rest_route=%2Fwp%2Fv2%2Fconginstituicion&post=38356"},{"taxonomy":"areatema","embeddable":true,"href":"https:\/\/alacip.org\/index.php?rest_route=%2Fwp%2Fv2%2Fareatema&post=38356"}],"curies":[{"name":"wp","href":"https:\/\/api.w.org\/{rel}","templated":true}]}}

Representación Sustantiva en América Latina: un estudio de la congruencia ideológica entre simpatizantes y partidos entre 2008 y 2012

<p>El estudio de la representación sustantiva en América Latina ha tenido un auge reciente en la región (Došek &amp; Trak, 2012; España-Najera &amp; Martinez-Roson, 2010, 2012; Fernández, Coelho, &amp; Abad, 2014; Luna, 2007; Luna &amp; Zechmeister, 2005, 2010; Morales, 2014; Otero-Felipe &amp; Rodriguez-Zepeda, 2010; Rivas, Otero Felipe, &amp; Mateos, 2014; Siavelis, 2009; Trak, 2015).</p>



<!--more-->



<div style="text-align:center" class="wp-block-atomic-blocks-ab-button ab-block-button"><a href="https://alacip.org/cong15/oce-trak8c.pdf" class="ab-button ab-button-shape-circular ab-button-size-medium" style="color:#ffffff;background-color:#3373dc">Descargar Archivo</a></div>



<p></p>
