{"id":38363,"date":"2020-10-03T20:49:50","date_gmt":"2020-10-03T23:49:50","guid":{"rendered":"https:\/\/alacip.org\/?post_type=todasponencias&#038;p=38363"},"modified":"2020-10-05T07:35:11","modified_gmt":"2020-10-05T10:35:11","slug":"crise-economica-e-democracia-politica-o-deficit-democratico","status":"publish","type":"todasponencias","link":"https:\/\/alacip.org\/?todasponencias=crise-economica-e-democracia-politica-o-deficit-democratico","title":{"rendered":"Crise econ\u00f4mica e democracia pol\u00edtica: o d\u00e9ficit democr\u00e1tico do parlamento europeu"},"content":{"rendered":"\n<p>O artigo explora os impactos da crise econ\u00f4mica de 2008 sobre o Parlamento Europeu (PE) a partir da an\u00e1lise comparativa das pol\u00edticas migrat\u00f3rias e ambientais, no per\u00edodo compreendido entre 2008 e 2014.<\/p>\n\n\n\n<!--more-->\n\n\n\n<div style=\"text-align:center\" class=\"wp-block-atomic-blocks-ab-button ab-block-button\"><a href=\"https:\/\/alacip.org\/cong15\/int-mamede8c.pdf\" class=\"ab-button ab-button-shape-circular ab-button-size-medium\" style=\"color:#ffffff;background-color:#3373dc\">Descargar Archivo<\/a><\/div>\n\n\n\n<p><\/p>\n","protected":false},"featured_media":0,"template":"","meta":{"_genesis_hide_title":false,"_genesis_hide_breadcrumbs":false,"_genesis_hide_singular_image":false,"_genesis_hide_footer_widgets":false,"_genesis_custom_body_class":"","_genesis_custom_post_class":"","_genesis_layout":""},"filtro":[102],"anocongresso":[778],"conginstituicion":[292],"areatema":[160],"class_list":{"0":"post-38363","1":"todasponencias","2":"type-todasponencias","3":"status-publish","5":"filtro-brasil","6":"anocongresso-778","7":"conginstituicion-puc-mg","8":"areatema-relaciones-internacionales","9":"entry"},"_links":{"self":[{"href":"https:\/\/alacip.org\/index.php?rest_route=\/wp\/v2\/todasponencias\/38363","targetHints":{"allow":["GET"]}}],"collection":[{"href":"https:\/\/alacip.org\/index.php?rest_route=\/wp\/v2\/todasponencias"}],"about":[{"href":"https:\/\/alacip.org\/index.php?rest_route=\/wp\/v2\/types\/todasponencias"}],"wp:attachment":[{"href":"https:\/\/alacip.org\/index.php?rest_route=%2Fwp%2Fv2%2Fmedia&parent=38363"}],"wp:term":[{"taxonomy":"filtro","embeddable":true,"href":"https:\/\/alacip.org\/index.php?rest_route=%2Fwp%2Fv2%2Ffiltro&post=38363"},{"taxonomy":"anocongresso","embeddable":true,"href":"https:\/\/alacip.org\/index.php?rest_route=%2Fwp%2Fv2%2Fanocongresso&post=38363"},{"taxonomy":"conginstituicion","embeddable":true,"href":"https:\/\/alacip.org\/index.php?rest_route=%2Fwp%2Fv2%2Fconginstituicion&post=38363"},{"taxonomy":"areatema","embeddable":true,"href":"https:\/\/alacip.org\/index.php?rest_route=%2Fwp%2Fv2%2Fareatema&post=38363"}],"curies":[{"name":"wp","href":"https:\/\/api.w.org\/{rel}","templated":true}]}}

Crise econômica e democracia política: o déficit democrático do parlamento europeu

<p>O artigo explora os impactos da crise econômica de 2008 sobre o Parlamento Europeu (PE) a partir da análise comparativa das políticas migratórias e ambientais, no período compreendido entre 2008 e 2014.</p>



<!--more-->



<div style="text-align:center" class="wp-block-atomic-blocks-ab-button ab-block-button"><a href="https://alacip.org/cong15/int-mamede8c.pdf" class="ab-button ab-button-shape-circular ab-button-size-medium" style="color:#ffffff;background-color:#3373dc">Descargar Archivo</a></div>



<p></p>
