{"id":38367,"date":"2020-10-03T22:19:34","date_gmt":"2020-10-04T01:19:34","guid":{"rendered":"https:\/\/alacip.org\/?post_type=todasponencias&#038;p=38367"},"modified":"2020-10-03T22:24:54","modified_gmt":"2020-10-04T01:24:54","slug":"las-alcaldias-capitalinas-centroamericanas-y-el-perfil-de-sus-alcaldes","status":"publish","type":"todasponencias","link":"https:\/\/alacip.org\/?todasponencias=las-alcaldias-capitalinas-centroamericanas-y-el-perfil-de-sus-alcaldes","title":{"rendered":"Las alcald\u00edas capitalinas    centroamericanas y el    perfil de sus alcaldes"},"content":{"rendered":"\n<p>La presente investigaci\u00f3n tiene como objetivo conocer emp\u00edricamente el contexto pol\u00edtico en que se eligieron los alcaldes capitalinos centroamericano y el marco jur\u00eddico que regula el funcionamiento de las alcald\u00edas capitalinas de la regi\u00f3n con miras en conocer el juego pol\u00edtico alrededor de las capitales centroamericanas y su relaci\u00f3n con el nivel nacional.<\/p>\n\n\n\n<!--more-->\n\n\n\n<div style=\"text-align:center\" class=\"wp-block-atomic-blocks-ab-button ab-block-button\"><a href=\"https:\/\/alacip.org\/cong15\/pra-cascante8c.pdf\" class=\"ab-button ab-button-shape-circular ab-button-size-medium\" style=\"color:#ffffff;background-color:#3373dc\">Descargar Archivo<\/a><\/div>\n\n\n\n<p><\/p>\n","protected":false},"featured_media":0,"template":"","meta":{"_genesis_hide_title":false,"_genesis_hide_breadcrumbs":false,"_genesis_hide_singular_image":false,"_genesis_hide_footer_widgets":false,"_genesis_custom_body_class":"","_genesis_custom_post_class":"","_genesis_layout":""},"filtro":[134],"anocongresso":[778],"conginstituicion":[224],"areatema":[161],"class_list":{"0":"post-38367","1":"todasponencias","2":"type-todasponencias","3":"status-publish","5":"filtro-costa-rica","6":"anocongresso-778","7":"conginstituicion-u-costa-rica","8":"areatema-participacion-representacion","9":"entry"},"_links":{"self":[{"href":"https:\/\/alacip.org\/index.php?rest_route=\/wp\/v2\/todasponencias\/38367","targetHints":{"allow":["GET"]}}],"collection":[{"href":"https:\/\/alacip.org\/index.php?rest_route=\/wp\/v2\/todasponencias"}],"about":[{"href":"https:\/\/alacip.org\/index.php?rest_route=\/wp\/v2\/types\/todasponencias"}],"wp:attachment":[{"href":"https:\/\/alacip.org\/index.php?rest_route=%2Fwp%2Fv2%2Fmedia&parent=38367"}],"wp:term":[{"taxonomy":"filtro","embeddable":true,"href":"https:\/\/alacip.org\/index.php?rest_route=%2Fwp%2Fv2%2Ffiltro&post=38367"},{"taxonomy":"anocongresso","embeddable":true,"href":"https:\/\/alacip.org\/index.php?rest_route=%2Fwp%2Fv2%2Fanocongresso&post=38367"},{"taxonomy":"conginstituicion","embeddable":true,"href":"https:\/\/alacip.org\/index.php?rest_route=%2Fwp%2Fv2%2Fconginstituicion&post=38367"},{"taxonomy":"areatema","embeddable":true,"href":"https:\/\/alacip.org\/index.php?rest_route=%2Fwp%2Fv2%2Fareatema&post=38367"}],"curies":[{"name":"wp","href":"https:\/\/api.w.org\/{rel}","templated":true}]}}

Las alcaldías capitalinas    centroamericanas y el    perfil de sus alcaldes

<p>La presente investigación tiene como objetivo conocer empíricamente el contexto político en que se eligieron los alcaldes capitalinos centroamericano y el marco jurídico que regula el funcionamiento de las alcaldías capitalinas de la región con miras en conocer el juego político alrededor de las capitales centroamericanas y su relación con el nivel nacional.</p>



<!--more-->



<div style="text-align:center" class="wp-block-atomic-blocks-ab-button ab-block-button"><a href="https://alacip.org/cong15/pra-cascante8c.pdf" class="ab-button ab-button-shape-circular ab-button-size-medium" style="color:#ffffff;background-color:#3373dc">Descargar Archivo</a></div>



<p></p>
