{"id":49887,"date":"2025-09-11T14:42:13","date_gmt":"2025-09-11T17:42:13","guid":{"rendered":"https:\/\/alacip.org\/?post_type=todasponencias&#038;p=49887"},"modified":"2025-09-11T14:42:14","modified_gmt":"2025-09-11T17:42:14","slug":"una-historia-con-ellas-modos-del-ser-estar-y-hacer-apropiacion-del-espacio-publico-endiversas-vertientes-feministas-ubicados-en-la-ciudad-de-medellin-colombia","status":"publish","type":"todasponencias","link":"https:\/\/alacip.org\/?todasponencias=una-historia-con-ellas-modos-del-ser-estar-y-hacer-apropiacion-del-espacio-publico-endiversas-vertientes-feministas-ubicados-en-la-ciudad-de-medellin-colombia","title":{"rendered":"Una historia con ellas: Modos del ser-estar y hacer, apropiaci\u00f3n del espacio p\u00fablico endiversas vertientes feministas, ubicados en la ciudad de Medell\u00edn, Colombia"},"content":{"rendered":"\n<p>La investigaci\u00f3n \u00abUna historia con ellas: Modos del ser-estar y hacer, apropiaci\u00f3n del espacio p\u00fablico en diversas vertientes feministas\u00bb, realizada en Medell\u00edn, Colombia, se adentra en el rico y complejo mundo de los movimientos feministas de la ciudad desde una perspectiva cualitativa. Medell\u00edn, como microcosmos de la diversidad feminista latinoamericana, es un escenario donde convergen y resisten m\u00faltiples corrientes, configurando un entramado de voces y pr\u00e1cticas que desaf\u00edan la noci\u00f3n de un feminismo monol\u00edtico.<\/p>\n\n\n\n<p>Al reconocer la influencia de factores identitarios, raciales, de g\u00e9nero, orientaci\u00f3n sexual y econ\u00f3micos en la configuraci\u00f3n de movimientos con necesidades y demandas espec\u00edficas, se plantea una \u00f3ptica irreverente a la idea de un feminismo homog\u00e9neo. En Medell\u00edn, estos movimientos se expresan a trav\u00e9s de pr\u00e1cticas culturales, perform\u00e1ticas, art\u00edsticas, educativas y pedag\u00f3gicas que transforman el espacio p\u00fablico, generando agendas propias y configurando una polifon\u00eda de voces en constante di\u00e1logo y confrontaci\u00f3n.<\/p>\n\n\n\n<p>Esta investigaci\u00f3n cualitativa, de enfoque etnogr\u00e1fico, se sumerge en las experiencias vividas por diversas organizaciones y colectivas feministas en Medell\u00edn, a trav\u00e9s de la observaci\u00f3n participante y entrevistas dirigidas. La diversidad de estas vertientes, que abarcan desde afrofeminismos y transfeminismos hasta feminismos sindicales y estudiantiles, revela un ecosistema social vibrante y multifac\u00e9tico. Por este motivo, se develan los desaf\u00edos y logros de estos movimientos, considerando sus variadas perspectivas filos\u00f3ficas, axiol\u00f3gicas y pol\u00edticas. Ante ello, no solo busca documentar y comprender la influencia de estos movimientos en la transformaci\u00f3n<\/p>\n\n\n\n<div data-wp-interactive=\"core\/file\" class=\"wp-block-file\"><object data-wp-bind--hidden=\"!state.hasPdfPreview\" hidden class=\"wp-block-file__embed\" data=\"https:\/\/alacip.org\/wp-content\/uploads\/2025\/09\/Una-historia-con-ellas-Modos-del-ser-estar-y-hacer-ALACIP-2024.pdf\" type=\"application\/pdf\" style=\"width:100%;height:600px\" aria-label=\"Incrustado de Una historia con ellas- Modos del ser-estar y hacer-ALACIP 2024.\"><\/object><a id=\"wp-block-file--media-12750290-7cd0-4e43-a824-32b082c71069\" href=\"https:\/\/alacip.org\/wp-content\/uploads\/2025\/09\/Una-historia-con-ellas-Modos-del-ser-estar-y-hacer-ALACIP-2024.pdf\">Una historia con ellas- Modos del ser-estar y hacer-ALACIP 2024<\/a><a href=\"https:\/\/alacip.org\/wp-content\/uploads\/2025\/09\/Una-historia-con-ellas-Modos-del-ser-estar-y-hacer-ALACIP-2024.pdf\" class=\"wp-block-file__button wp-element-button\" download aria-describedby=\"wp-block-file--media-12750290-7cd0-4e43-a824-32b082c71069\">Descarga<\/a><\/div>\n","protected":false},"featured_media":0,"template":"","meta":{"_genesis_hide_title":false,"_genesis_hide_breadcrumbs":false,"_genesis_hide_singular_image":false,"_genesis_hide_footer_widgets":false,"_genesis_custom_body_class":"","_genesis_custom_post_class":"","_genesis_layout":""},"filtro":[109],"anocongresso":[874],"conginstituicion":[329],"areatema":[623,190],"class_list":{"0":"post-49887","1":"todasponencias","2":"type-todasponencias","3":"status-publish","5":"filtro-colombia","6":"anocongresso-874","7":"conginstituicion-unipb","8":"areatema-genero-y-politica","9":"areatema-genero-diversidad-jv","10":"entry"},"_links":{"self":[{"href":"https:\/\/alacip.org\/index.php?rest_route=\/wp\/v2\/todasponencias\/49887","targetHints":{"allow":["GET"]}}],"collection":[{"href":"https:\/\/alacip.org\/index.php?rest_route=\/wp\/v2\/todasponencias"}],"about":[{"href":"https:\/\/alacip.org\/index.php?rest_route=\/wp\/v2\/types\/todasponencias"}],"wp:attachment":[{"href":"https:\/\/alacip.org\/index.php?rest_route=%2Fwp%2Fv2%2Fmedia&parent=49887"}],"wp:term":[{"taxonomy":"filtro","embeddable":true,"href":"https:\/\/alacip.org\/index.php?rest_route=%2Fwp%2Fv2%2Ffiltro&post=49887"},{"taxonomy":"anocongresso","embeddable":true,"href":"https:\/\/alacip.org\/index.php?rest_route=%2Fwp%2Fv2%2Fanocongresso&post=49887"},{"taxonomy":"conginstituicion","embeddable":true,"href":"https:\/\/alacip.org\/index.php?rest_route=%2Fwp%2Fv2%2Fconginstituicion&post=49887"},{"taxonomy":"areatema","embeddable":true,"href":"https:\/\/alacip.org\/index.php?rest_route=%2Fwp%2Fv2%2Fareatema&post=49887"}],"curies":[{"name":"wp","href":"https:\/\/api.w.org\/{rel}","templated":true}]}}

Una historia con ellas: Modos del ser-estar y hacer, apropiación del espacio público endiversas vertientes feministas, ubicados en la ciudad de Medellín, Colombia

<p>La investigación «Una historia con ellas: Modos del ser-estar y hacer, apropiación del espacio público en diversas vertientes feministas», realizada en Medellín, Colombia, se adentra en el rico y complejo mundo de los movimientos feministas de la ciudad desde una perspectiva cualitativa. Medellín, como microcosmos de la diversidad feminista latinoamericana, es un escenario donde convergen y resisten múltiples corrientes, configurando un entramado de voces y prácticas que desafían la noción de un feminismo monolítico.</p>



<p>Al reconocer la influencia de factores identitarios, raciales, de género, orientación sexual y económicos en la configuración de movimientos con necesidades y demandas específicas, se plantea una óptica irreverente a la idea de un feminismo homogéneo. En Medellín, estos movimientos se expresan a través de prácticas culturales, performáticas, artísticas, educativas y pedagógicas que transforman el espacio público, generando agendas propias y configurando una polifonía de voces en constante diálogo y confrontación.</p>



<p>Esta investigación cualitativa, de enfoque etnográfico, se sumerge en las experiencias vividas por diversas organizaciones y colectivas feministas en Medellín, a través de la observación participante y entrevistas dirigidas. La diversidad de estas vertientes, que abarcan desde afrofeminismos y transfeminismos hasta feminismos sindicales y estudiantiles, revela un ecosistema social vibrante y multifacético. Por este motivo, se develan los desafíos y logros de estos movimientos, considerando sus variadas perspectivas filosóficas, axiológicas y políticas. Ante ello, no solo busca documentar y comprender la influencia de estos movimientos en la transformación</p>



<div data-wp-interactive="core/file" class="wp-block-file"><object data-wp-bind--hidden="!state.hasPdfPreview" hidden class="wp-block-file__embed" data="https://alacip.org/wp-content/uploads/2025/09/Una-historia-con-ellas-Modos-del-ser-estar-y-hacer-ALACIP-2024.pdf" type="application/pdf" style="width:100%;height:600px" aria-label="Incrustado de Una historia con ellas- Modos del ser-estar y hacer-ALACIP 2024."></object><a id="wp-block-file--media-12750290-7cd0-4e43-a824-32b082c71069" href="https://alacip.org/wp-content/uploads/2025/09/Una-historia-con-ellas-Modos-del-ser-estar-y-hacer-ALACIP-2024.pdf">Una historia con ellas- Modos del ser-estar y hacer-ALACIP 2024</a><a href="https://alacip.org/wp-content/uploads/2025/09/Una-historia-con-ellas-Modos-del-ser-estar-y-hacer-ALACIP-2024.pdf" class="wp-block-file__button wp-element-button" download aria-describedby="wp-block-file--media-12750290-7cd0-4e43-a824-32b082c71069">Descarga</a></div>
